Last updated on 2025-01-19 05:49:24 CET.
Flavor | Version | Tinstall | Tcheck | Ttotal | Status | Flags |
---|---|---|---|---|---|---|
r-devel-linux-x86_64-debian-clang | 1.2.2 | 4.22 | 37.46 | 41.68 | NOTE | |
r-devel-linux-x86_64-debian-gcc | 1.2.2 | 2.43 | 28.84 | 31.27 | NOTE | |
r-devel-linux-x86_64-fedora-clang | 1.2.2 | 68.04 | NOTE | |||
r-devel-linux-x86_64-fedora-gcc | 1.2.2 | 66.14 | NOTE | |||
r-devel-windows-x86_64 | 1.2.2 | 5.00 | 63.00 | 68.00 | NOTE | |
r-patched-linux-x86_64 | 1.2.2 | 5.03 | 36.19 | 41.22 | NOTE | |
r-release-linux-x86_64 | 1.2.2 | 2.68 | 36.54 | 39.22 | NOTE | |
r-release-macos-arm64 | 1.2.2 | 24.00 | NOTE | |||
r-release-macos-x86_64 | 1.2.2 | 36.00 | NOTE | |||
r-release-windows-x86_64 | 1.2.2 | 4.00 | 64.00 | 68.00 | NOTE | |
r-oldrel-macos-arm64 | 1.2.2 | 26.00 | NOTE | |||
r-oldrel-macos-x86_64 | 1.2.2 | 38.00 | NOTE | |||
r-oldrel-windows-x86_64 | 1.2.2 | 6.00 | 63.00 | 69.00 | NOTE |
Version: 1.2.2
Check: DESCRIPTION meta-information
Result: NOTE
Malformed Description field: should contain one or more complete sentences.
Flavors: r-devel-linux-x86_64-debian-clang, r-devel-linux-x86_64-debian-gcc, r-devel-linux-x86_64-fedora-clang, r-devel-linux-x86_64-fedora-gcc, r-devel-windows-x86_64, r-patched-linux-x86_64, r-release-linux-x86_64, r-release-macos-arm64, r-release-macos-x86_64, r-release-windows-x86_64, r-oldrel-macos-arm64, r-oldrel-macos-x86_64, r-oldrel-windows-x86_64