Last updated on 2025-01-19 05:49:24 CET.
Flavor | Version | Tinstall | Tcheck | Ttotal | Status | Flags |
---|---|---|---|---|---|---|
r-devel-linux-x86_64-debian-clang | 0.0.3 | 118.70 | 680.79 | 799.49 | OK | |
r-devel-linux-x86_64-debian-gcc | 0.0.3 | 120.90 | 208.01 | 328.91 | OK | |
r-devel-linux-x86_64-fedora-clang | 0.0.3 | 1408.60 | OK | |||
r-devel-linux-x86_64-fedora-gcc | 0.0.3 | 896.79 | OK | |||
r-devel-windows-x86_64 | 0.0.3 | 120.00 | 493.00 | 613.00 | OK | |
r-patched-linux-x86_64 | 0.0.3 | 130.33 | 291.28 | 421.61 | NOTE | |
r-release-linux-x86_64 | 0.0.3 | 147.56 | 290.98 | 438.54 | NOTE | |
r-release-macos-arm64 | 0.0.3 | 203.00 | NOTE | |||
r-release-macos-x86_64 | 0.0.3 | 385.00 | NOTE | |||
r-release-windows-x86_64 | 0.0.3 | 129.00 | 448.00 | 577.00 | NOTE | |
r-oldrel-macos-arm64 | 0.0.3 | 205.00 | NOTE | |||
r-oldrel-macos-x86_64 | 0.0.3 | 465.00 | NOTE | |||
r-oldrel-windows-x86_64 | 0.0.3 | 163.00 | 511.00 | 674.00 | NOTE |
Version: 0.0.3
Check: for GNU extensions in Makefiles
Result: NOTE
GNU make is a SystemRequirements.
Flavors: r-patched-linux-x86_64, r-release-linux-x86_64, r-release-macos-arm64, r-release-macos-x86_64, r-release-windows-x86_64, r-oldrel-macos-arm64, r-oldrel-macos-x86_64, r-oldrel-windows-x86_64
Version: 0.0.3
Check: installed package size
Result: NOTE
installed size is 40.7Mb
sub-directories of 1Mb or more:
libs 40.5Mb
Flavors: r-release-macos-arm64, r-release-macos-x86_64, r-oldrel-macos-arm64, r-oldrel-macos-x86_64