Last updated on 2024-04-21 13:55:49 CEST.
Flavor | Version | Tinstall | Tcheck | Ttotal | Status | Flags |
---|---|---|---|---|---|---|
r-devel-linux-x86_64-debian-clang | 1.0.0 | 43.45 | 165.60 | 209.05 | NOTE | |
r-devel-linux-x86_64-debian-gcc | 1.0.0 | 34.92 | 118.74 | 153.66 | NOTE | |
r-devel-linux-x86_64-fedora-clang | 1.0.0 | 269.89 | NOTE | |||
r-devel-linux-x86_64-fedora-gcc | 1.0.0 | 251.08 | NOTE | |||
r-prerel-macos-arm64 | 1.0.0 | 65.00 | NOTE | |||
r-prerel-windows-x86_64 | 1.0.0 | 39.00 | 144.00 | 183.00 | NOTE | |
r-patched-linux-x86_64 | 1.0.0 | 42.24 | 152.48 | 194.72 | NOTE | |
r-release-linux-x86_64 | 1.0.0 | 34.23 | 153.31 | 187.54 | OK | |
r-release-macos-arm64 | 1.0.0 | 79.00 | OK | |||
r-release-macos-x86_64 | 1.0.0 | 127.00 | OK | |||
r-release-windows-x86_64 | 1.0.0 | 49.00 | 185.00 | 234.00 | OK | |
r-oldrel-macos-arm64 | 1.0.0 | 70.00 | OK | |||
r-oldrel-windows-x86_64 | 1.0.0 | 48.00 | 188.00 | 236.00 | OK |
Version: 1.0.0
Check: Rd files
Result: NOTE
checkRd: (-1) tsBSS-package.Rd:23: Lost braces in \itemize; meant \describe ?
checkRd: (-1) tsBSS-package.Rd:24: Lost braces in \itemize; meant \describe ?
checkRd: (-1) tsBSS-package.Rd:25: Lost braces in \itemize; meant \describe ?
checkRd: (-1) tsBSS-package.Rd:26: Lost braces in \itemize; meant \describe ?
checkRd: (-1) tsBSS-package.Rd:27: Lost braces in \itemize; meant \describe ?
checkRd: (-1) tsBSS-package.Rd:28: Lost braces in \itemize; meant \describe ?
checkRd: (-1) tsBSS-package.Rd:34: Lost braces in \itemize; meant \describe ?
Flavors: r-devel-linux-x86_64-debian-clang, r-devel-linux-x86_64-debian-gcc, r-devel-linux-x86_64-fedora-clang, r-devel-linux-x86_64-fedora-gcc, r-prerel-macos-arm64, r-prerel-windows-x86_64, r-patched-linux-x86_64