CRAN Package Check Results for Package tsBSS

Last updated on 2025-01-19 05:49:24 CET.

Flavor Version Tinstall Tcheck Ttotal Status Flags
r-devel-linux-x86_64-debian-clang 1.0.0 29.48 128.48 157.96 NOTE
r-devel-linux-x86_64-debian-gcc 1.0.0 22.20 89.12 111.32 NOTE
r-devel-linux-x86_64-fedora-clang 1.0.0 266.32 NOTE
r-devel-linux-x86_64-fedora-gcc 1.0.0 264.34 NOTE
r-devel-windows-x86_64 1.0.0 35.00 145.00 180.00 NOTE
r-patched-linux-x86_64 1.0.0 33.79 116.91 150.70 NOTE
r-release-linux-x86_64 1.0.0 32.39 116.81 149.20 NOTE
r-release-macos-arm64 1.0.0 65.00 NOTE
r-release-macos-x86_64 1.0.0 102.00 NOTE
r-release-windows-x86_64 1.0.0 34.00 148.00 182.00 NOTE
r-oldrel-macos-arm64 1.0.0 79.00 OK
r-oldrel-macos-x86_64 1.0.0 127.00 OK
r-oldrel-windows-x86_64 1.0.0 47.00 183.00 230.00 OK

Check Details

Version: 1.0.0
Check: Rd files
Result: NOTE checkRd: (-1) tsBSS-package.Rd:23: Lost braces in \itemize; meant \describe ? checkRd: (-1) tsBSS-package.Rd:24: Lost braces in \itemize; meant \describe ? checkRd: (-1) tsBSS-package.Rd:25: Lost braces in \itemize; meant \describe ? checkRd: (-1) tsBSS-package.Rd:26: Lost braces in \itemize; meant \describe ? checkRd: (-1) tsBSS-package.Rd:27: Lost braces in \itemize; meant \describe ? checkRd: (-1) tsBSS-package.Rd:28: Lost braces in \itemize; meant \describe ? checkRd: (-1) tsBSS-package.Rd:34: Lost braces in \itemize; meant \describe ? Flavors: r-devel-linux-x86_64-debian-clang, r-devel-linux-x86_64-debian-gcc, r-devel-linux-x86_64-fedora-clang, r-devel-linux-x86_64-fedora-gcc, r-devel-windows-x86_64, r-patched-linux-x86_64, r-release-linux-x86_64, r-release-macos-arm64, r-release-macos-x86_64, r-release-windows-x86_64