Last updated on 2024-04-17 13:57:47 CEST.
Flavor | Version | Tinstall | Tcheck | Ttotal | Status | Flags |
---|---|---|---|---|---|---|
r-devel-linux-x86_64-debian-clang | 0.4.1 | 6.40 | 152.74 | 159.14 | NOTE | |
r-devel-linux-x86_64-debian-gcc | 0.4.1 | 5.71 | 145.04 | 150.75 | OK | |
r-devel-linux-x86_64-fedora-clang | 0.4.1 | 256.65 | OK | |||
r-devel-linux-x86_64-fedora-gcc | 0.4.1 | 208.45 | OK | |||
r-prerel-macos-arm64 | 0.4.1 | 48.00 | OK | |||
r-prerel-windows-x86_64 | 0.4.1 | 7.00 | 107.00 | 114.00 | OK | |
r-patched-linux-x86_64 | 0.4.1 | 7.13 | 175.50 | 182.63 | OK | |
r-release-linux-x86_64 | 0.4.1 | 6.53 | 168.27 | 174.80 | OK | |
r-release-macos-arm64 | 0.4.1 | 52.00 | OK | |||
r-release-macos-x86_64 | 0.4.1 | 158.00 | OK | |||
r-release-windows-x86_64 | 0.4.1 | 7.00 | 128.00 | 135.00 | OK | |
r-oldrel-macos-arm64 | 0.4.1 | 46.00 | OK | |||
r-oldrel-windows-x86_64 | 0.4.1 | 8.00 | 121.00 | 129.00 | OK |
Version: 0.4.1
Check: dependencies in R code
Result: NOTE
Fortran STOP
IEEE arithmetic exceptions signaled: INEXACT
Flavor: r-devel-linux-x86_64-debian-clang