Last updated on 2025-01-19 05:49:24 CET.
Flavor | Version | Tinstall | Tcheck | Ttotal | Status | Flags |
---|---|---|---|---|---|---|
r-devel-linux-x86_64-debian-clang | 0.5-1 | 34.99 | 95.62 | 130.61 | OK | |
r-devel-linux-x86_64-debian-gcc | 0.5-1 | 35.15 | 69.11 | 104.26 | OK | |
r-devel-linux-x86_64-fedora-clang | 0.5-1 | 212.74 | NOTE | |||
r-devel-linux-x86_64-fedora-gcc | 0.5-1 | 256.11 | NOTE | |||
r-devel-windows-x86_64 | 0.5-1 | 48.00 | 112.00 | 160.00 | OK | |
r-patched-linux-x86_64 | 0.5-1 | 52.86 | 87.87 | 140.73 | OK | |
r-release-linux-x86_64 | 0.5-1 | 53.52 | 88.63 | 142.15 | OK | |
r-release-macos-arm64 | 0.5-1 | 74.00 | OK | |||
r-release-macos-x86_64 | 0.5-1 | 107.00 | OK | |||
r-release-windows-x86_64 | 0.5-1 | 47.00 | 114.00 | 161.00 | OK | |
r-oldrel-macos-arm64 | 0.5-1 | 79.00 | OK | |||
r-oldrel-macos-x86_64 | 0.5-1 | 103.00 | OK | |||
r-oldrel-windows-x86_64 | 0.5-1 | 50.00 | 135.00 | 185.00 | OK |
Version: 0.5-1
Check: compiled code
Result: NOTE
File ‘tseriesTARMA/libs/tseriesTARMA.so’:
Found no calls to: ‘R_registerRoutines’, ‘R_useDynamicSymbols’
It is good practice to register native routines and to disable symbol
search.
See ‘Writing portable packages’ in the ‘Writing R Extensions’ manual.
Flavors: r-devel-linux-x86_64-fedora-clang, r-devel-linux-x86_64-fedora-gcc