CRAN Package Check Results for Package tsnet

Last updated on 2025-01-19 05:49:24 CET.

Flavor Version Tinstall Tcheck Ttotal Status Flags
r-devel-linux-x86_64-debian-clang 0.1.0 587.17 249.99 837.16 OK
r-devel-linux-x86_64-debian-gcc 0.1.0 485.13 211.52 696.65 OK
r-devel-linux-x86_64-fedora-clang 0.1.0 1269.76 OK
r-devel-linux-x86_64-fedora-gcc 0.1.0 1690.34 OK
r-devel-windows-x86_64 0.1.0 473.00 349.00 822.00 OK
r-patched-linux-x86_64 0.1.0 574.26 287.09 861.35 OK
r-release-linux-x86_64 0.1.0 620.15 289.73 909.88 OK
r-release-macos-arm64 0.1.0 281.00 NOTE
r-release-macos-x86_64 0.1.0 318.00 NOTE
r-release-windows-x86_64 0.1.0 478.00 351.00 829.00 NOTE
r-oldrel-macos-arm64 0.1.0 262.00 NOTE
r-oldrel-macos-x86_64 0.1.0 469.00 NOTE
r-oldrel-windows-x86_64 0.1.0 644.00 415.00 1059.00 NOTE

Check Details

Version: 0.1.0
Check: installed package size
Result: NOTE installed size is 108.5Mb sub-directories of 1Mb or more: libs 107.5Mb Flavors: r-release-macos-arm64, r-release-macos-x86_64, r-release-windows-x86_64, r-oldrel-macos-arm64, r-oldrel-macos-x86_64, r-oldrel-windows-x86_64

Version: 0.1.0
Check: for GNU extensions in Makefiles
Result: NOTE GNU make is a SystemRequirements. Flavors: r-release-macos-arm64, r-release-macos-x86_64, r-oldrel-macos-arm64, r-oldrel-macos-x86_64