Last updated on 2025-01-19 05:49:24 CET.
Flavor | Version | Tinstall | Tcheck | Ttotal | Status | Flags |
---|---|---|---|---|---|---|
r-devel-linux-x86_64-debian-clang | 1.6 | 29.02 | 209.98 | 239.00 | NOTE | |
r-devel-linux-x86_64-debian-gcc | 1.6 | 19.34 | 145.24 | 164.58 | NOTE | |
r-devel-linux-x86_64-fedora-clang | 1.6 | 416.60 | OK | |||
r-devel-linux-x86_64-fedora-gcc | 1.6 | 356.75 | OK | |||
r-devel-windows-x86_64 | 1.6 | 23.00 | 185.00 | 208.00 | NOTE | |
r-patched-linux-x86_64 | 1.6 | 29.67 | 190.31 | 219.98 | OK | |
r-release-linux-x86_64 | 1.6 | 26.68 | 188.39 | 215.07 | OK | |
r-release-macos-arm64 | 1.6 | 86.00 | OK | |||
r-release-macos-x86_64 | 1.6 | 139.00 | OK | |||
r-release-windows-x86_64 | 1.6 | 24.00 | 188.00 | 212.00 | OK | |
r-oldrel-macos-arm64 | 1.6 | 91.00 | OK | |||
r-oldrel-macos-x86_64 | 1.6 | 303.00 | OK | |||
r-oldrel-windows-x86_64 | 1.6 | 24.00 | 244.00 | 268.00 | OK |
Version: 1.6
Check: Rd cross-references
Result: NOTE
Found the following Rd file(s) with Rd \link{} targets missing package
anchors:
ttScreening-package.Rd: sva
Please provide package anchors for all Rd \link{} targets not in the
package itself and the base packages.
Flavors: r-devel-linux-x86_64-debian-clang, r-devel-linux-x86_64-debian-gcc, r-devel-windows-x86_64