CRAN Package Check Results for Package tuneR

Last updated on 2020-05-31 12:47:41 CEST.

Flavor Version Tinstall Tcheck Ttotal Status Flags
r-devel-linux-x86_64-debian-clang 1.3.3 15.70 53.87 69.57 OK
r-devel-linux-x86_64-debian-gcc 1.3.3 11.55 42.40 53.95 OK
r-devel-linux-x86_64-fedora-clang 1.3.3 88.77 OK
r-devel-linux-x86_64-fedora-gcc 1.3.3 81.23 OK
r-devel-windows-ix86+x86_64 1.3.3 44.00 96.00 140.00 OK
r-patched-linux-x86_64 1.3.3 11.90 54.61 66.51 OK
r-patched-solaris-x86 1.3.3 106.60 OK
r-release-linux-x86_64 1.3.3 12.43 54.47 66.90 OK
r-release-osx-x86_64 1.3.3 WARN
r-release-windows-ix86+x86_64 1.3.3 32.00 109.00 141.00 OK
r-oldrel-osx-x86_64 1.3.3 OK
r-oldrel-windows-ix86+x86_64 1.3.3 46.00 86.00 132.00 OK

Additional issues

clang-UBSAN

Check Details

Version: 1.3.3
Check: whether package can be installed
Result: WARN
    Found the following significant warnings:
     frame.c:147:21: warning: result of comparison of constant 4 with expression of type 'enum mad_layer' is always false [-Wtautological-constant-out-of-range-compare]
Flavor: r-release-osx-x86_64