CRAN Package Check Results for Package twangRDC

Last updated on 2025-01-19 05:49:24 CET.

Flavor Version Tinstall Tcheck Ttotal Status Flags
r-devel-linux-x86_64-debian-clang 1.0 9.96 617.22 627.18 NOTE
r-devel-linux-x86_64-debian-gcc 1.0 6.42 563.05 569.47 NOTE
r-devel-linux-x86_64-fedora-clang 1.0 768.65 OK
r-devel-linux-x86_64-fedora-gcc 1.0 943.30 OK
r-devel-windows-x86_64 1.0 10.00 297.00 307.00 NOTE
r-patched-linux-x86_64 1.0 13.92 852.19 866.11 OK
r-release-linux-x86_64 1.0 8.65 832.81 841.46 OK
r-release-macos-arm64 1.0 279.00 OK
r-release-macos-x86_64 1.0 408.00 OK
r-release-windows-x86_64 1.0 11.00 303.00 314.00 OK
r-oldrel-macos-arm64 1.0 334.00 OK
r-oldrel-macos-x86_64 1.0 519.00 NOTE
r-oldrel-windows-x86_64 1.0 12.00 376.00 388.00 OK

Check Details

Version: 1.0
Check: Rd cross-references
Result: NOTE Found the following Rd file(s) with Rd \link{} targets missing package anchors: plot.ps.xgb.Rd: ggplot ps.xgb.Rd: xgboost Please provide package anchors for all Rd \link{} targets not in the package itself and the base packages. Flavors: r-devel-linux-x86_64-debian-clang, r-devel-linux-x86_64-debian-gcc, r-devel-windows-x86_64

Version: 1.0
Check: Rd cross-references
Result: NOTE Package unavailable to check Rd xrefs: ‘twang’ Flavor: r-oldrel-macos-x86_64