CRAN Package Check Results for Package twingp

Last updated on 2025-01-19 05:49:24 CET.

Flavor Version Tinstall Tcheck Ttotal Status Flags
r-devel-linux-x86_64-debian-clang 1.0.0 43.94 22.40 66.34 OK
r-devel-linux-x86_64-debian-gcc 1.0.0 36.90 21.51 58.41 OK
r-devel-linux-x86_64-fedora-clang 1.0.0 118.63 OK
r-devel-linux-x86_64-fedora-gcc 1.0.0 142.97 OK
r-devel-windows-x86_64 1.0.0 46.00 64.00 110.00 OK
r-patched-linux-x86_64 1.0.0 49.83 25.07 74.90 OK
r-release-linux-x86_64 1.0.0 51.12 25.19 76.31 OK
r-release-macos-arm64 1.0.0 38.00 NOTE
r-release-macos-x86_64 1.0.0 73.00 NOTE
r-release-windows-x86_64 1.0.0 45.00 70.00 115.00 OK
r-oldrel-macos-arm64 1.0.0 40.00 NOTE
r-oldrel-macos-x86_64 1.0.0 89.00 NOTE
r-oldrel-windows-x86_64 1.0.0 51.00 78.00 129.00 OK

Check Details

Version: 1.0.0
Check: installed package size
Result: NOTE installed size is 19.2Mb sub-directories of 1Mb or more: libs 19.1Mb Flavors: r-release-macos-arm64, r-release-macos-x86_64, r-oldrel-macos-arm64, r-oldrel-macos-x86_64