Last updated on 2024-05-01 16:53:15 CEST.
Flavor | Version | Tinstall | Tcheck | Ttotal | Status | Flags |
---|---|---|---|---|---|---|
r-devel-linux-x86_64-debian-clang | 1.0.2 | 13.28 | 100.28 | 113.56 | NOTE | |
r-devel-linux-x86_64-debian-gcc | 1.0.2 | 8.72 | 74.90 | 83.62 | NOTE | |
r-devel-linux-x86_64-fedora-clang | 1.0.2 | 145.01 | NOTE | |||
r-devel-linux-x86_64-fedora-gcc | 1.0.2 | 131.51 | NOTE | |||
r-devel-windows-x86_64 | 1.0.2 | 11.00 | 92.00 | 103.00 | NOTE | |
r-patched-linux-x86_64 | 1.0.2 | 9.09 | 97.50 | 106.59 | NOTE | |
r-release-linux-x86_64 | 1.0.2 | 8.98 | 95.67 | 104.65 | NOTE | |
r-release-macos-arm64 | 1.0.2 | 41.00 | NOTE | |||
r-release-windows-x86_64 | 1.0.2 | 11.00 | 91.00 | 102.00 | NOTE | |
r-oldrel-macos-arm64 | 1.0.2 | 44.00 | OK | |||
r-oldrel-macos-x86_64 | 1.0.2 | 73.00 | OK | |||
r-oldrel-windows-x86_64 | 1.0.2 | 15.00 | 105.00 | 120.00 | OK |
Version: 1.0.2
Check: Rd files
Result: NOTE
checkRd: (-1) twosigmag.Rd:83: Lost braces in \itemize; \value handles \item{}{} directly
checkRd: (-1) twosigmag.Rd:84: Lost braces in \itemize; \value handles \item{}{} directly
checkRd: (-1) twosigmag.Rd:85: Lost braces in \itemize; \value handles \item{}{} directly
checkRd: (-1) twosigmag.Rd:86: Lost braces in \itemize; \value handles \item{}{} directly
checkRd: (-1) twosigmag.Rd:87: Lost braces in \itemize; \value handles \item{}{} directly
checkRd: (-1) twosigmag.Rd:88: Lost braces in \itemize; \value handles \item{}{} directly
checkRd: (-1) twosigmag.Rd:89: Lost braces in \itemize; \value handles \item{}{} directly
checkRd: (-1) twosigmag.Rd:90: Lost braces in \itemize; \value handles \item{}{} directly
checkRd: (-1) twosigmag.Rd:91: Lost braces in \itemize; \value handles \item{}{} directly
checkRd: (-1) twosigmag.Rd:92: Lost braces in \itemize; \value handles \item{}{} directly
checkRd: (-1) twosigmag.Rd:94: Lost braces in \itemize; \value handles \item{}{} directly
checkRd: (-1) twosigmag.Rd:95: Lost braces in \itemize; \value handles \item{}{} directly
checkRd: (-1) twosigmag.Rd:96: Lost braces in \itemize; \value handles \item{}{} directly
Flavors: r-devel-linux-x86_64-debian-clang, r-devel-linux-x86_64-debian-gcc, r-devel-linux-x86_64-fedora-clang, r-devel-linux-x86_64-fedora-gcc, r-devel-windows-x86_64, r-patched-linux-x86_64, r-release-linux-x86_64, r-release-macos-arm64, r-release-windows-x86_64