CRAN Package Check Results for Package txshift

Last updated on 2025-01-19 05:49:24 CET.

Flavor Version Tinstall Tcheck Ttotal Status Flags
r-devel-linux-x86_64-debian-clang 0.3.8 11.14 169.90 181.04 NOTE
r-devel-linux-x86_64-debian-gcc 0.3.8 8.25 111.50 119.75 NOTE
r-devel-linux-x86_64-fedora-clang 0.3.8 300.11 NOTE
r-devel-linux-x86_64-fedora-gcc 0.3.8 290.25 NOTE
r-devel-windows-x86_64 0.3.8 13.00 168.00 181.00 NOTE
r-patched-linux-x86_64 0.3.8 10.88 159.64 170.52 NOTE
r-release-linux-x86_64 0.3.8 9.85 159.63 169.48 NOTE
r-release-macos-arm64 0.3.8 72.00 NOTE
r-release-macos-x86_64 0.3.8 124.00 NOTE
r-release-windows-x86_64 0.3.8 14.00 165.00 179.00 NOTE
r-oldrel-macos-arm64 0.3.8 85.00 NOTE
r-oldrel-macos-x86_64 0.3.8 140.00 NOTE
r-oldrel-windows-x86_64 0.3.8 14.00 215.00 229.00 NOTE

Check Details

Version: 0.3.8
Check: Rd files
Result: NOTE checkRd: (-1) est_g_exp.Rd:55: Lost braces; missing escapes or markup? 55 | {A - delta}, {A + delta}, and {A + 2 * delta}). | ^ checkRd: (-1) est_g_exp.Rd:55: Lost braces; missing escapes or markup? 55 | {A - delta}, {A + delta}, and {A + 2 * delta}). | ^ checkRd: (-1) est_g_exp.Rd:55: Lost braces; missing escapes or markup? 55 | {A - delta}, {A + delta}, and {A + 2 * delta}). | ^ Flavors: r-devel-linux-x86_64-debian-clang, r-devel-linux-x86_64-debian-gcc, r-devel-linux-x86_64-fedora-clang, r-devel-linux-x86_64-fedora-gcc, r-devel-windows-x86_64, r-patched-linux-x86_64, r-release-linux-x86_64, r-release-macos-arm64, r-release-macos-x86_64, r-release-windows-x86_64

Version: 0.3.8
Check: package dependencies
Result: NOTE Package which this enhances but not available for checking: ‘sl3’ Flavors: r-patched-linux-x86_64, r-release-linux-x86_64, r-release-macos-arm64, r-release-macos-x86_64, r-release-windows-x86_64, r-oldrel-macos-arm64, r-oldrel-macos-x86_64, r-oldrel-windows-x86_64