Last updated on 2025-01-19 05:49:24 CET.
Flavor | Version | Tinstall | Tcheck | Ttotal | Status | Flags |
---|---|---|---|---|---|---|
r-devel-linux-x86_64-debian-clang | 2.1.0 | 17.23 | 134.63 | 151.86 | OK | |
r-devel-linux-x86_64-debian-gcc | 2.1.0 | 10.22 | 92.23 | 102.45 | OK | |
r-devel-linux-x86_64-fedora-clang | 2.1.0 | 260.81 | OK | |||
r-devel-linux-x86_64-fedora-gcc | 2.1.0 | 238.70 | OK | |||
r-devel-windows-x86_64 | 2.1.0 | 20.00 | 162.00 | 182.00 | OK | |
r-patched-linux-x86_64 | 2.1.0 | 15.22 | 125.37 | 140.59 | OK | |
r-release-linux-x86_64 | 2.1.0 | 16.27 | 125.57 | 141.84 | OK | |
r-release-macos-arm64 | 2.1.0 | 94.00 | NOTE | |||
r-release-macos-x86_64 | 2.1.0 | 186.00 | NOTE | |||
r-release-windows-x86_64 | 2.1.0 | 21.00 | 157.00 | 178.00 | NOTE | |
r-oldrel-macos-arm64 | 2.1.0 | 92.00 | NOTE | |||
r-oldrel-macos-x86_64 | 2.1.0 | 195.00 | NOTE | |||
r-oldrel-windows-x86_64 | 2.1.0 | 23.00 | 186.00 | 209.00 | NOTE |
Version: 2.1.0
Check: installed package size
Result: NOTE
installed size is 7.2Mb
sub-directories of 1Mb or more:
doc 4.5Mb
ubinc 2.0Mb
Flavors: r-release-macos-arm64, r-release-macos-x86_64, r-release-windows-x86_64, r-oldrel-macos-arm64, r-oldrel-macos-x86_64, r-oldrel-windows-x86_64