Last updated on 2024-04-17 13:57:47 CEST.
Flavor | Version | Tinstall | Tcheck | Ttotal | Status | Flags |
---|---|---|---|---|---|---|
r-devel-linux-x86_64-debian-clang | 0.21 | 1.99 | 26.10 | 28.09 | NOTE | |
r-devel-linux-x86_64-debian-gcc | 0.21 | 1.73 | 19.89 | 21.62 | NOTE | |
r-devel-linux-x86_64-fedora-clang | 0.21 | 36.87 | NOTE | |||
r-devel-linux-x86_64-fedora-gcc | 0.21 | 46.63 | NOTE | |||
r-prerel-macos-arm64 | 0.21 | 21.00 | NOTE | |||
r-prerel-windows-x86_64 | 0.21 | 3.00 | 42.00 | 45.00 | NOTE | |
r-patched-linux-x86_64 | 0.21 | 1.93 | 24.81 | 26.74 | NOTE | |
r-release-linux-x86_64 | 0.21 | 1.70 | 23.87 | 25.57 | NOTE | |
r-release-macos-arm64 | 0.21 | 23.00 | NOTE | |||
r-release-macos-x86_64 | 0.21 | 39.00 | NOTE | |||
r-release-windows-x86_64 | 0.21 | 4.00 | 42.00 | 46.00 | NOTE | |
r-oldrel-macos-arm64 | 0.21 | 15.00 | NOTE | |||
r-oldrel-windows-x86_64 | 0.21 | 4.00 | 43.00 | 47.00 | NOTE |
Version: 0.21
Check: LazyData
Result: NOTE
'LazyData' is specified without a 'data' directory
Flavors: r-devel-linux-x86_64-debian-clang, r-devel-linux-x86_64-debian-gcc, r-devel-linux-x86_64-fedora-clang, r-devel-linux-x86_64-fedora-gcc, r-prerel-macos-arm64, r-prerel-windows-x86_64, r-patched-linux-x86_64, r-release-linux-x86_64, r-release-macos-arm64, r-release-macos-x86_64, r-release-windows-x86_64, r-oldrel-macos-arm64, r-oldrel-windows-x86_64