CRAN Package Check Results for Package ukpolice

Last updated on 2020-02-23 12:47:37 CET.

Flavor Version Tinstall Tcheck Ttotal Status Flags
r-devel-linux-x86_64-debian-clang 0.1.2 3.03 32.38 35.41 NOTE
r-devel-linux-x86_64-debian-gcc 0.1.2 2.62 25.36 27.98 NOTE
r-devel-linux-x86_64-fedora-clang 0.1.2 45.59 OK
r-devel-linux-x86_64-fedora-gcc 0.1.2 42.59 OK
r-devel-windows-ix86+x86_64 0.1.2 8.00 76.00 84.00 ERROR
r-devel-windows-ix86+x86_64-gcc8 0.1.2 18.00 53.00 71.00 NOTE
r-patched-linux-x86_64 0.1.2 OK
r-patched-solaris-x86 0.1.2 59.60 WARN
r-release-linux-x86_64 0.1.2 2.65 29.10 31.75 OK
r-release-windows-ix86+x86_64 0.1.2 6.00 54.00 60.00 OK
r-release-osx-x86_64 0.1.2 WARN
r-oldrel-windows-ix86+x86_64 0.1.2 4.00 48.00 52.00 OK
r-oldrel-osx-x86_64 0.1.2 WARN

Check Details

Version: 0.1.2
Check: package vignettes
Result: NOTE
    Package vignette with placeholder title 'Vignette Title':
     'introduction.Rmd'
Flavors: r-devel-linux-x86_64-debian-clang, r-devel-linux-x86_64-debian-gcc, r-devel-windows-ix86+x86_64, r-devel-windows-ix86+x86_64-gcc8

Version: 0.1.2
Check: tests
Result: ERROR
     Running 'testthat.R' [18s]
    Running the tests in 'tests/testthat.R' failed.
    Complete output:
     > library(testthat)
     > library(ukpolice)
     >
     > test_check("ukpolice")
     -- 1. Error: stop_and_search functions work (@test-stop-and-search.R#13) ------
     Timeout was reached: [data.police.uk] Operation timed out after 10000 milliseconds with 0 out of 0 bytes received
     Backtrace:
     1. ukpolice::ukc_stop_search_force(force = "city-of-london")
     2. ukpolice:::ukc_get_data(query)
     4. jsonlite::fromJSON(paste0(baseurl, query))
     5. jsonlite:::parse_and_simplify(...)
     6. jsonlite:::parseJSON(txt, bigint_as_char)
     7. jsonlite:::parse_con(txt, bigint_as_char)
     9. base::open.connection(con, "rb")
    
     == testthat results ===========================================================
     [ OK: 3 | SKIPPED: 7 | WARNINGS: 0 | FAILED: 1 ]
     1. Error: stop_and_search functions work (@test-stop-and-search.R#13)
    
     Error: testthat unit tests failed
     Execution halted
Flavor: r-devel-windows-ix86+x86_64

Version: 0.1.2
Check: re-building of vignette outputs
Result: WARN
    Error(s) in re-building vignettes:
    --- re-building 'introduction.Rmd' using rmarkdown
    Quitting from lines 66-94 (introduction.Rmd)
    Error: processing vignette 'introduction.Rmd' failed with diagnostics:
    Timeout was reached: [data.police.uk] Operation timed out after 10006 milliseconds with 0 out of 0 bytes received
    --- failed re-building 'introduction.Rmd'
    
    SUMMARY: processing the following file failed:
     'introduction.Rmd'
    
    Error: Vignette re-building failed.
    Execution halted
Flavor: r-devel-windows-ix86+x86_64

Version: 0.1.2
Check: re-building of vignette outputs
Result: WARN
    Error(s) in re-building vignettes:
     ...
    --- re-building ‘introduction.Rmd’ using rmarkdown
    Warning in engine$weave(file, quiet = quiet, encoding = enc) :
     Pandoc (>= 1.12.3) and/or pandoc-citeproc not available. Falling back to R Markdown v1.
    Quitting from lines 66-94 (introduction.Rmd)
    Error: processing vignette 'introduction.Rmd' failed with diagnostics:
    there is no package called 'webshot'
    --- failed re-building ‘introduction.Rmd’
    
    SUMMARY: processing the following file failed:
     ‘introduction.Rmd’
    
    Error: Vignette re-building failed.
    Execution halted
Flavor: r-patched-solaris-x86

Version: 0.1.2
Check: re-building of vignette outputs
Result: WARN
    Error(s) in re-building vignettes:
     ...
    --- re-building ‘introduction.Rmd’ using rmarkdown
    Warning in engine$weave(file, quiet = quiet, encoding = enc) :
     Pandoc (>= 1.12.3) and/or pandoc-citeproc not available. Falling back to R Markdown v1.
    Quitting from lines 66-94 (introduction.Rmd)
    Error: processing vignette 'introduction.Rmd' failed with diagnostics:
    cannot open the connection
    --- failed re-building ‘introduction.Rmd’
    
    SUMMARY: processing the following file failed:
     ‘introduction.Rmd’
    
    Error: Vignette re-building failed.
    Execution halted
Flavor: r-release-osx-x86_64

Version: 0.1.2
Check: re-building of vignette outputs
Result: WARN
    Error in re-building vignettes:
     ...
    Warning in engine$weave(file, quiet = quiet, encoding = enc) :
     Pandoc (>= 1.12.3) and/or pandoc-citeproc not available. Falling back to R Markdown v1.
    Quitting from lines 66-94 (introduction.Rmd)
    Error: processing vignette 'introduction.Rmd' failed with diagnostics:
    cannot open the connection
    Execution halted
Flavor: r-oldrel-osx-x86_64