CRAN Package Check Results for Package unine

Last updated on 2025-01-19 05:49:24 CET.

Flavor Version Tinstall Tcheck Ttotal Status Flags
r-devel-linux-x86_64-debian-clang 0.2.0 31.21 24.41 55.62 NOTE
r-devel-linux-x86_64-debian-gcc 0.2.0 21.65 19.85 41.50 NOTE
r-devel-linux-x86_64-fedora-clang 0.2.0 115.98 NOTE
r-devel-linux-x86_64-fedora-gcc 0.2.0 106.47 NOTE
r-devel-windows-x86_64 0.2.0 38.00 64.00 102.00 NOTE
r-patched-linux-x86_64 0.2.0 29.99 23.37 53.36 NOTE
r-release-linux-x86_64 0.2.0 31.37 23.53 54.90 NOTE
r-release-macos-arm64 0.2.0 31.00 NOTE
r-release-macos-x86_64 0.2.0 39.00 NOTE
r-release-windows-x86_64 0.2.0 36.00 64.00 100.00 NOTE
r-oldrel-macos-arm64 0.2.0 39.00 NOTE
r-oldrel-macos-x86_64 0.2.0 61.00 NOTE
r-oldrel-windows-x86_64 0.2.0 38.00 75.00 113.00 NOTE

Check Details

Version: 0.2.0
Check: C++ specification
Result: NOTE Specified C++11: please drop specification unless essential Flavors: r-devel-linux-x86_64-debian-clang, r-devel-linux-x86_64-debian-gcc, r-devel-linux-x86_64-fedora-clang, r-devel-linux-x86_64-fedora-gcc, r-devel-windows-x86_64, r-patched-linux-x86_64, r-release-linux-x86_64, r-release-macos-arm64, r-release-macos-x86_64, r-release-windows-x86_64, r-oldrel-macos-arm64, r-oldrel-macos-x86_64, r-oldrel-windows-x86_64