Last updated on 2025-01-19 05:49:24 CET.
Flavor | Version | Tinstall | Tcheck | Ttotal | Status | Flags |
---|---|---|---|---|---|---|
r-devel-linux-x86_64-debian-clang | 0.8-5 | 16.88 | 65.36 | 82.24 | NOTE | |
r-devel-linux-x86_64-debian-gcc | 0.8-5 | 12.99 | 46.42 | 59.41 | NOTE | |
r-devel-linux-x86_64-fedora-clang | 0.8-5 | 138.86 | NOTE | |||
r-devel-linux-x86_64-fedora-gcc | 0.8-5 | 171.54 | NOTE | |||
r-devel-windows-x86_64 | 0.8-5 | 19.00 | 117.00 | 136.00 | OK | |
r-patched-linux-x86_64 | 0.8-5 | 17.80 | 61.76 | 79.56 | OK | |
r-release-linux-x86_64 | 0.8-5 | 16.19 | 61.36 | 77.55 | OK | |
r-release-macos-arm64 | 0.8-5 | 47.00 | OK | |||
r-release-macos-x86_64 | 0.8-5 | 79.00 | OK | |||
r-release-windows-x86_64 | 0.8-5 | 16.00 | 113.00 | 129.00 | OK | |
r-oldrel-macos-arm64 | 0.8-5 | 68.00 | OK | |||
r-oldrel-macos-x86_64 | 0.8-5 | 164.00 | OK | |||
r-oldrel-windows-x86_64 | 0.8-5 | 18.00 | 124.00 | 142.00 | OK |
Version: 0.8-5
Check: top-level files
Result: NOTE
possible bashism in configure.ac line 48 (should be 'b = a'):
if test "${ac_cv_lib_expat_XML_ParserCreate}" == yes; then
Flavors: r-devel-linux-x86_64-debian-clang, r-devel-linux-x86_64-debian-gcc, r-devel-linux-x86_64-fedora-clang, r-devel-linux-x86_64-fedora-gcc