Last updated on 2025-01-19 05:49:24 CET.
Flavor | Version | Tinstall | Tcheck | Ttotal | Status | Flags |
---|---|---|---|---|---|---|
r-devel-linux-x86_64-debian-clang | 1.4.3 | 370.13 | 274.19 | 644.32 | OK | |
r-devel-linux-x86_64-debian-gcc | 1.4.3 | 275.88 | 188.52 | 464.40 | OK | |
r-devel-linux-x86_64-fedora-clang | 1.4.3 | 1159.90 | OK | |||
r-devel-linux-x86_64-fedora-gcc | 1.4.3 | 1317.55 | OK | |||
r-devel-windows-x86_64 | 1.4.3 | 371.00 | 319.00 | 690.00 | OK | |
r-patched-linux-x86_64 | 1.4.3 | 384.71 | 294.92 | 679.63 | NOTE | |
r-release-linux-x86_64 | 1.4.3 | 395.66 | 298.56 | 694.22 | NOTE | |
r-release-macos-arm64 | 1.4.3 | 247.00 | NOTE | |||
r-release-macos-x86_64 | 1.4.3 | 549.00 | NOTE | |||
r-release-windows-x86_64 | 1.4.3 | 374.00 | 311.00 | 685.00 | NOTE | |
r-oldrel-macos-arm64 | 1.4.3 | 313.00 | NOTE | |||
r-oldrel-macos-x86_64 | 1.4.3 | 509.00 | NOTE | |||
r-oldrel-windows-x86_64 | 1.4.3 | 428.00 | 399.00 | 827.00 | NOTE |
Version: 1.4.3
Check: for GNU extensions in Makefiles
Result: NOTE
GNU make is a SystemRequirements.
Flavors: r-patched-linux-x86_64, r-release-linux-x86_64, r-release-macos-arm64, r-release-macos-x86_64, r-release-windows-x86_64, r-oldrel-macos-arm64, r-oldrel-macos-x86_64, r-oldrel-windows-x86_64
Version: 1.4.3
Check: installed package size
Result: NOTE
installed size is 65.8Mb
sub-directories of 1Mb or more:
R 2.0Mb
doc 1.1Mb
libs 61.7Mb
Flavors: r-release-macos-arm64, r-release-macos-x86_64, r-release-windows-x86_64, r-oldrel-macos-arm64, r-oldrel-macos-x86_64, r-oldrel-windows-x86_64