Last updated on 2025-01-19 05:49:24 CET.
Flavor | Version | Tinstall | Tcheck | Ttotal | Status | Flags |
---|---|---|---|---|---|---|
r-devel-linux-x86_64-debian-clang | 0.4.0 | 4.61 | 40.65 | 45.26 | OK | |
r-devel-linux-x86_64-debian-gcc | 0.4.0 | 2.89 | 29.58 | 32.47 | OK | |
r-devel-linux-x86_64-fedora-clang | 0.4.0 | 71.01 | OK | |||
r-devel-linux-x86_64-fedora-gcc | 0.4.0 | 94.27 | OK | |||
r-devel-windows-x86_64 | 0.4.0 | 7.00 | 61.00 | 68.00 | OK | |
r-patched-linux-x86_64 | 0.4.0 | 4.34 | 36.78 | 41.12 | NOTE | |
r-release-linux-x86_64 | 0.4.0 | 3.67 | 37.44 | 41.11 | NOTE | |
r-release-macos-arm64 | 0.4.0 | 36.00 | NOTE | |||
r-release-macos-x86_64 | 0.4.0 | 55.00 | NOTE | |||
r-release-windows-x86_64 | 0.4.0 | 7.00 | 58.00 | 65.00 | NOTE | |
r-oldrel-macos-arm64 | 0.4.0 | 36.00 | NOTE | |||
r-oldrel-macos-x86_64 | 0.4.0 | 73.00 | NOTE | |||
r-oldrel-windows-x86_64 | 0.4.0 | 7.00 | 65.00 | 72.00 | NOTE |
Version: 0.4.0
Check: LazyData
Result: NOTE
'LazyData' is specified without a 'data' directory
Flavors: r-patched-linux-x86_64, r-release-linux-x86_64, r-release-macos-arm64, r-release-macos-x86_64, r-release-windows-x86_64, r-oldrel-macos-arm64, r-oldrel-macos-x86_64, r-oldrel-windows-x86_64