CRAN Package Check Results for Package ursa

Last updated on 2020-10-30 11:51:00 CET.

Flavor Version Tinstall Tcheck Ttotal Status Flags
r-devel-linux-x86_64-debian-clang 3.8.20 7.95 411.02 418.97 OK
r-devel-linux-x86_64-debian-gcc 3.8.20 7.15 310.90 318.05 OK
r-devel-linux-x86_64-fedora-clang 3.8.20 525.46 NOTE
r-devel-linux-x86_64-fedora-gcc 3.8.20 511.21 OK
r-devel-windows-ix86+x86_64 3.8.20 18.00 738.00 756.00 OK
r-patched-linux-x86_64 3.8.20 8.23 381.57 389.80 OK
r-patched-solaris-x86 3.8.20 785.60 OK
r-release-linux-x86_64 3.8.20 8.12 386.82 394.94 OK
r-release-macos-x86_64 3.8.20 OK
r-release-windows-ix86+x86_64 3.8.20 15.00 827.00 842.00 OK
r-oldrel-macos-x86_64 3.8.20 NOTE
r-oldrel-windows-ix86+x86_64 3.8.20 28.00 827.00 855.00 OK

Check Details

Version: 3.8.20
Check: Rd cross-references
Result: NOTE
    Undeclared package ‘rje’ in Rd xrefs
Flavor: r-devel-linux-x86_64-fedora-clang

Version: 3.8.20
Check: dependencies in R code
Result: NOTE
    No protocol specified
    No protocol specified
Flavor: r-oldrel-macos-x86_64