CRAN Package Check Results for Package usedist

Last updated on 2025-01-19 05:49:24 CET.

Flavor Version Tinstall Tcheck Ttotal Status Flags
r-devel-linux-x86_64-debian-clang 0.4.0 1.70 21.43 23.13 OK
r-devel-linux-x86_64-debian-gcc 0.4.0 1.45 17.52 18.97 OK
r-devel-linux-x86_64-fedora-clang 0.4.0 38.58 OK
r-devel-linux-x86_64-fedora-gcc 0.4.0 36.65 OK
r-devel-windows-x86_64 0.4.0 3.00 45.00 48.00 OK
r-patched-linux-x86_64 0.4.0 1.74 20.06 21.80 NOTE
r-release-linux-x86_64 0.4.0 1.70 20.19 21.89 NOTE
r-release-macos-arm64 0.4.0 15.00 NOTE
r-release-macos-x86_64 0.4.0 23.00 NOTE
r-release-windows-x86_64 0.4.0 3.00 43.00 46.00 NOTE
r-oldrel-macos-arm64 0.4.0 17.00 NOTE
r-oldrel-macos-x86_64 0.4.0 23.00 NOTE
r-oldrel-windows-x86_64 0.4.0 3.00 46.00 49.00 NOTE

Check Details

Version: 0.4.0
Check: LazyData
Result: NOTE 'LazyData' is specified without a 'data' directory Flavors: r-patched-linux-x86_64, r-release-linux-x86_64, r-release-macos-arm64, r-release-macos-x86_64, r-release-windows-x86_64, r-oldrel-macos-arm64, r-oldrel-macos-x86_64, r-oldrel-windows-x86_64