CRAN Package Check Results for Package usfertilizer

Last updated on 2025-01-19 05:49:24 CET.

Flavor Version Tinstall Tcheck Ttotal Status Flags
r-devel-linux-x86_64-debian-clang 0.1.5 1.88 47.12 49.00 OK
r-devel-linux-x86_64-debian-gcc 0.1.5 1.28 33.36 34.64 OK
r-devel-linux-x86_64-fedora-clang 0.1.5 73.38 NOTE
r-devel-linux-x86_64-fedora-gcc 0.1.5 84.67 NOTE
r-devel-windows-x86_64 0.1.5 4.00 64.00 68.00 OK
r-patched-linux-x86_64 0.1.5 2.07 46.06 48.13 OK
r-release-linux-x86_64 0.1.5 1.51 46.05 47.56 OK
r-release-macos-arm64 0.1.5 39.00 OK
r-release-macos-x86_64 0.1.5 52.00 OK
r-release-windows-x86_64 0.1.5 4.00 68.00 72.00 OK
r-oldrel-macos-arm64 0.1.5 36.00 OK
r-oldrel-macos-x86_64 0.1.5 56.00 OK
r-oldrel-windows-x86_64 0.1.5 5.00 69.00 74.00 OK

Check Details

Version: 0.1.5
Check: dependencies in R code
Result: NOTE Namespace in Imports field not imported from: ‘tidyverse’ All declared Imports should be used. Flavors: r-devel-linux-x86_64-fedora-clang, r-devel-linux-x86_64-fedora-gcc