CRAN Package Check Results for Package vaersNDvax

Last updated on 2025-01-19 05:49:24 CET.

Flavor Version Tinstall Tcheck Ttotal Status Flags
r-devel-linux-x86_64-debian-clang 1.0.4 1.83 18.31 20.14 OK
r-devel-linux-x86_64-debian-gcc 1.0.4 1.87 14.87 16.74 OK
r-devel-linux-x86_64-fedora-clang 1.0.4 35.01 OK
r-devel-linux-x86_64-fedora-gcc 1.0.4 34.52 OK
r-devel-windows-x86_64 1.0.4 4.00 47.00 51.00 OK
r-patched-linux-x86_64 1.0.4 2.16 17.45 19.61 NOTE
r-release-linux-x86_64 1.0.4 2.26 17.52 19.78 NOTE
r-release-macos-arm64 1.0.4 15.00 NOTE
r-release-macos-x86_64 1.0.4 21.00 NOTE
r-release-windows-x86_64 1.0.4 3.00 48.00 51.00 NOTE
r-oldrel-macos-arm64 1.0.4 20.00 NOTE
r-oldrel-macos-x86_64 1.0.4 23.00 NOTE
r-oldrel-windows-x86_64 1.0.4 6.00 46.00 52.00 NOTE

Check Details

Version: 1.0.4
Check: package dependencies
Result: NOTE Packages suggested but not available for checking: 'vaers', 'vaersND' Flavors: r-patched-linux-x86_64, r-release-linux-x86_64, r-release-macos-arm64, r-release-macos-x86_64, r-release-windows-x86_64, r-oldrel-macos-arm64, r-oldrel-macos-x86_64, r-oldrel-windows-x86_64