CRAN Package Check Results for Package valhallr

Last updated on 2025-01-19 05:49:24 CET.

Flavor Version Tinstall Tcheck Ttotal Status Flags
r-devel-linux-x86_64-debian-clang 0.1.0 2.75 29.02 31.77 OK
r-devel-linux-x86_64-debian-gcc 0.1.0 2.27 21.95 24.22 OK
r-devel-linux-x86_64-fedora-clang 0.1.0 56.68 NOTE
r-devel-linux-x86_64-fedora-gcc 0.1.0 63.56 NOTE
r-devel-windows-x86_64 0.1.0 5.00 53.00 58.00 OK
r-patched-linux-x86_64 0.1.0 3.11 27.63 30.74 NOTE
r-release-linux-x86_64 0.1.0 2.89 27.21 30.10 NOTE
r-release-macos-arm64 0.1.0 25.00 NOTE
r-release-macos-x86_64 0.1.0 35.00 NOTE
r-release-windows-x86_64 0.1.0 4.00 54.00 58.00 NOTE
r-oldrel-macos-arm64 0.1.0 26.00 NOTE
r-oldrel-macos-x86_64 0.1.0 39.00 NOTE
r-oldrel-windows-x86_64 0.1.0 6.00 55.00 61.00 NOTE

Check Details

Version: 0.1.0
Check: dependencies in R code
Result: NOTE Namespace in Imports field not imported from: ‘Cairo’ All declared Imports should be used. Flavors: r-devel-linux-x86_64-fedora-clang, r-devel-linux-x86_64-fedora-gcc

Version: 0.1.0
Check: LazyData
Result: NOTE 'LazyData' is specified without a 'data' directory Flavors: r-patched-linux-x86_64, r-release-linux-x86_64, r-release-macos-arm64, r-release-macos-x86_64, r-release-windows-x86_64, r-oldrel-macos-arm64, r-oldrel-macos-x86_64, r-oldrel-windows-x86_64