CRAN Package Check Results for Package validata

Last updated on 2025-01-19 05:49:24 CET.

Flavor Version Tinstall Tcheck Ttotal Status Flags
r-devel-linux-x86_64-debian-clang 0.1.0 3.03 33.19 36.22 OK
r-devel-linux-x86_64-debian-gcc 0.1.0 2.11 25.20 27.31 OK
r-devel-linux-x86_64-fedora-clang 0.1.0 64.69 NOTE
r-devel-linux-x86_64-fedora-gcc 0.1.0 74.14 NOTE
r-devel-windows-x86_64 0.1.0 4.00 61.00 65.00 OK
r-patched-linux-x86_64 0.1.0 3.02 31.59 34.61 OK
r-release-linux-x86_64 0.1.0 2.84 31.02 33.86 OK
r-release-macos-arm64 0.1.0 28.00 OK
r-release-macos-x86_64 0.1.0 40.00 OK
r-release-windows-x86_64 0.1.0 5.00 61.00 66.00 OK
r-oldrel-macos-arm64 0.1.0 29.00 OK
r-oldrel-macos-x86_64 0.1.0 45.00 OK
r-oldrel-windows-x86_64 0.1.0 5.00 63.00 68.00 OK

Check Details

Version: 0.1.0
Check: dependencies in R code
Result: NOTE Namespaces in Imports field not imported from: ‘BBmisc’ ‘badger’ All declared Imports should be used. Flavors: r-devel-linux-x86_64-fedora-clang, r-devel-linux-x86_64-fedora-gcc