CRAN Package Check Results for Package valr

Last updated on 2020-07-12 12:47:48 CEST.

Flavor Version Tinstall Tcheck Ttotal Status Flags
r-devel-linux-x86_64-debian-clang 0.6.1 154.65 107.94 262.59 OK
r-devel-linux-x86_64-debian-gcc 0.6.1 125.77 79.99 205.76 OK
r-devel-linux-x86_64-fedora-clang 0.6.1 365.62 NOTE
r-devel-linux-x86_64-fedora-gcc 0.6.1 349.46 OK
r-devel-windows-ix86+x86_64 0.6.1 286.00 241.00 527.00 OK
r-patched-linux-x86_64 0.6.1 127.96 102.04 230.00 OK
r-patched-solaris-x86 0.6.1 349.20 OK
r-release-linux-x86_64 0.6.1 126.18 102.28 228.46 OK
r-release-macos-x86_64 0.6.1 NOTE
r-release-windows-ix86+x86_64 0.6.1 393.00 265.00 658.00 OK
r-oldrel-macos-x86_64 0.6.1 NOTE
r-oldrel-windows-ix86+x86_64 0.6.1 291.00 193.00 484.00 OK

Check Details

Version: 0.6.1
Check: installed package size
Result: NOTE
     installed size is 10.6Mb
     sub-directories of 1Mb or more:
     libs 9.6Mb
Flavors: r-devel-linux-x86_64-fedora-clang, r-release-macos-x86_64, r-oldrel-macos-x86_64