CRAN Package Check Results for Package valueEQ5D

Last updated on 2025-01-19 05:49:24 CET.

Flavor Version Tinstall Tcheck Ttotal Status Flags
r-devel-linux-x86_64-debian-clang 0.7.2 3.61 63.06 66.67 OK
r-devel-linux-x86_64-debian-gcc 0.7.2 2.24 43.01 45.25 OK
r-devel-linux-x86_64-fedora-clang 0.7.2 119.72 NOTE
r-devel-linux-x86_64-fedora-gcc 0.7.2 122.94 NOTE
r-devel-windows-x86_64 0.7.2 6.00 85.00 91.00 OK
r-patched-linux-x86_64 0.7.2 3.45 60.15 63.60 OK
r-release-linux-x86_64 0.7.2 3.22 58.83 62.05 OK
r-release-macos-arm64 0.7.2 40.00 OK
r-release-macos-x86_64 0.7.2 52.00 OK
r-release-windows-x86_64 0.7.2 5.00 88.00 93.00 OK
r-oldrel-macos-arm64 0.7.2 38.00 OK
r-oldrel-macos-x86_64 0.7.2 67.00 OK
r-oldrel-windows-x86_64 0.7.2 7.00 98.00 105.00 OK

Check Details

Version: 0.7.2
Check: dependencies in R code
Result: NOTE Namespace in Imports field not imported from: ‘testthat’ All declared Imports should be used. Flavors: r-devel-linux-x86_64-fedora-clang, r-devel-linux-x86_64-fedora-gcc