CRAN Package Check Results for Package vampyr

Last updated on 2025-01-19 05:49:24 CET.

Flavor Version Tinstall Tcheck Ttotal Status Flags
r-devel-linux-x86_64-debian-clang 1.1.1 17.98 138.16 156.14 NOTE
r-devel-linux-x86_64-debian-gcc 1.1.1 12.24 96.69 108.93 NOTE
r-devel-linux-x86_64-fedora-clang 1.1.1 262.67 OK
r-devel-linux-x86_64-fedora-gcc 1.1.1 230.31 OK
r-devel-windows-x86_64 1.1.1 20.00 131.00 151.00 NOTE
r-patched-linux-x86_64 1.1.1 24.43 125.86 150.29 OK
r-release-linux-x86_64 1.1.1 16.31 124.93 141.24 OK
r-release-macos-arm64 1.1.1 65.00 OK
r-release-macos-x86_64 1.1.1 93.00 OK
r-release-windows-x86_64 1.1.1 19.00 142.00 161.00 OK
r-oldrel-macos-arm64 1.1.1 77.00 OK
r-oldrel-macos-x86_64 1.1.1 120.00 OK
r-oldrel-windows-x86_64 1.1.1 24.00 161.00 185.00 OK

Check Details

Version: 1.1.1
Check: Rd cross-references
Result: NOTE Found the following Rd file(s) with Rd \link{} targets missing package anchors: ControlResponseBias.Rd: lavaan Please provide package anchors for all Rd \link{} targets not in the package itself and the base packages. Flavors: r-devel-linux-x86_64-debian-clang, r-devel-linux-x86_64-debian-gcc, r-devel-windows-x86_64