Last updated on 2024-04-25 18:49:46 CEST.
Flavor | Version | Tinstall | Tcheck | Ttotal | Status | Flags |
---|---|---|---|---|---|---|
r-devel-linux-x86_64-debian-clang | 0.1.0 | 14.59 | 136.82 | 151.41 | NOTE | |
r-devel-linux-x86_64-debian-gcc | 0.1.0 | 10.86 | 97.72 | 108.58 | NOTE | |
r-devel-linux-x86_64-fedora-clang | 0.1.0 | 194.66 | NOTE | |||
r-devel-linux-x86_64-fedora-gcc | 0.1.0 | 180.70 | NOTE | |||
r-devel-windows-x86_64 | 0.1.0 | 14.00 | 106.00 | 120.00 | NOTE | |
r-patched-linux-x86_64 | 0.1.0 | 9.94 | 126.18 | 136.12 | NOTE | |
r-release-linux-x86_64 | 0.1.0 | 9.97 | 129.87 | 139.84 | NOTE | |
r-release-macos-arm64 | 0.1.0 | 48.00 | NOTE | |||
r-release-windows-x86_64 | 0.1.0 | 13.00 | 103.00 | 116.00 | NOTE | |
r-oldrel-macos-arm64 | 0.1.0 | 54.00 | NOTE | |||
r-oldrel-macos-x86_64 | 0.1.0 | 93.00 | NOTE | |||
r-oldrel-windows-x86_64 | 0.1.0 | 18.00 | 127.00 | 145.00 | NOTE |
Version: 0.1.0
Check: LazyData
Result: NOTE
'LazyData' is specified without a 'data' directory
Flavors: r-devel-linux-x86_64-debian-clang, r-devel-linux-x86_64-debian-gcc, r-devel-linux-x86_64-fedora-clang, r-devel-linux-x86_64-fedora-gcc, r-devel-windows-x86_64, r-patched-linux-x86_64, r-release-linux-x86_64, r-release-macos-arm64, r-release-windows-x86_64, r-oldrel-macos-arm64, r-oldrel-macos-x86_64, r-oldrel-windows-x86_64