Last updated on 2025-01-19 05:49:24 CET.
Flavor | Version | Tinstall | Tcheck | Ttotal | Status | Flags |
---|---|---|---|---|---|---|
r-devel-linux-x86_64-debian-clang | 0.1.0 | 13.97 | 104.65 | 118.62 | OK | |
r-devel-linux-x86_64-debian-gcc | 0.1.0 | 8.99 | 70.00 | 78.99 | OK | |
r-devel-linux-x86_64-fedora-clang | 0.1.0 | 200.89 | OK | |||
r-devel-linux-x86_64-fedora-gcc | 0.1.0 | 178.78 | OK | |||
r-devel-windows-x86_64 | 0.1.0 | 13.00 | 106.00 | 119.00 | OK | |
r-patched-linux-x86_64 | 0.1.0 | 11.39 | 95.50 | 106.89 | NOTE | |
r-release-linux-x86_64 | 0.1.0 | 12.97 | 95.07 | 108.04 | NOTE | |
r-release-macos-arm64 | 0.1.0 | 48.00 | NOTE | |||
r-release-macos-x86_64 | 0.1.0 | 86.00 | NOTE | |||
r-release-windows-x86_64 | 0.1.0 | 13.00 | 110.00 | 123.00 | NOTE | |
r-oldrel-macos-arm64 | 0.1.0 | 54.00 | NOTE | |||
r-oldrel-macos-x86_64 | 0.1.0 | 93.00 | NOTE | |||
r-oldrel-windows-x86_64 | 0.1.0 | 17.00 | 129.00 | 146.00 | NOTE |
Version: 0.1.0
Check: LazyData
Result: NOTE
'LazyData' is specified without a 'data' directory
Flavors: r-patched-linux-x86_64, r-release-linux-x86_64, r-release-macos-arm64, r-release-macos-x86_64, r-release-windows-x86_64, r-oldrel-macos-arm64, r-oldrel-macos-x86_64, r-oldrel-windows-x86_64