CRAN Package Check Results for Package varImp

Last updated on 2025-01-19 05:49:24 CET.

Flavor Version Tinstall Tcheck Ttotal Status Flags
r-devel-linux-x86_64-debian-clang 0.4 8.34 90.35 98.69 OK
r-devel-linux-x86_64-debian-gcc 0.4 6.21 68.37 74.58 OK
r-devel-linux-x86_64-fedora-clang 0.4 160.36 OK
r-devel-linux-x86_64-fedora-gcc 0.4 146.30 OK
r-devel-windows-x86_64 0.4 9.00 94.00 103.00 OK
r-patched-linux-x86_64 0.4 7.97 83.58 91.55 NOTE
r-release-linux-x86_64 0.4 7.49 83.94 91.43 NOTE
r-release-macos-arm64 0.4 45.00 NOTE
r-release-macos-x86_64 0.4 67.00 NOTE
r-release-windows-x86_64 0.4 9.00 92.00 101.00 NOTE
r-oldrel-macos-arm64 0.4 54.00 NOTE
r-oldrel-macos-x86_64 0.4 76.00 NOTE
r-oldrel-windows-x86_64 0.4 11.00 115.00 126.00 NOTE

Check Details

Version: 0.4
Check: LazyData
Result: NOTE 'LazyData' is specified without a 'data' directory Flavors: r-patched-linux-x86_64, r-release-linux-x86_64, r-release-macos-arm64, r-release-macos-x86_64, r-release-windows-x86_64, r-oldrel-macos-arm64, r-oldrel-macos-x86_64, r-oldrel-windows-x86_64