Last updated on 2025-10-13 14:50:04 CEST.
| Flavor | Version | Tinstall | Tcheck | Ttotal | Status | Flags |
|---|---|---|---|---|---|---|
| r-devel-linux-x86_64-debian-clang | 0.1.1 | 6.15 | 56.62 | 62.77 | OK | |
| r-devel-linux-x86_64-debian-gcc | 0.1.1 | 4.27 | 39.10 | 43.37 | OK | |
| r-devel-linux-x86_64-fedora-clang | 0.1.1 | 96.76 | OK | |||
| r-devel-linux-x86_64-fedora-gcc | 0.1.1 | 91.58 | OK | |||
| r-devel-windows-x86_64 | 0.1.1 | 7.00 | 65.00 | 72.00 | OK | |
| r-patched-linux-x86_64 | 0.1.1 | 5.52 | 50.56 | 56.08 | OK | |
| r-release-linux-x86_64 | 0.1.1 | 5.89 | 50.37 | 56.26 | OK | |
| r-release-macos-arm64 | 0.1.1 | 29.00 | OK | |||
| r-release-macos-x86_64 | 0.1.1 | 55.00 | OK | |||
| r-release-windows-x86_64 | 0.1.1 | 9.00 | 66.00 | 75.00 | OK | |
| r-oldrel-macos-arm64 | 0.1.1 | 29.00 | NOTE | |||
| r-oldrel-macos-x86_64 | 0.1.1 | 42.00 | NOTE | |||
| r-oldrel-windows-x86_64 | 0.1.1 | 9.00 | 81.00 | 90.00 | NOTE |
Version: 0.1.1
Check: LazyData
Result: NOTE
'LazyData' is specified without a 'data' directory
Flavors: r-oldrel-macos-arm64, r-oldrel-macos-x86_64, r-oldrel-windows-x86_64