Last updated on 2025-01-19 05:49:24 CET.
Flavor | Version | Tinstall | Tcheck | Ttotal | Status | Flags |
---|---|---|---|---|---|---|
r-devel-linux-x86_64-debian-clang | 1.0.1 | 18.93 | 62.57 | 81.50 | NOTE | |
r-devel-linux-x86_64-debian-gcc | 1.0.1 | 14.25 | 46.99 | 61.24 | NOTE | |
r-devel-linux-x86_64-fedora-clang | 1.0.1 | 141.88 | NOTE | |||
r-devel-linux-x86_64-fedora-gcc | 1.0.1 | 137.32 | NOTE | |||
r-devel-windows-x86_64 | 1.0.1 | 24.00 | 92.00 | 116.00 | NOTE | |
r-patched-linux-x86_64 | 1.0.1 | 21.19 | 58.03 | 79.22 | NOTE | |
r-release-linux-x86_64 | 1.0.1 | 19.69 | 58.20 | 77.89 | NOTE | |
r-release-macos-arm64 | 1.0.1 | 40.00 | NOTE | |||
r-release-macos-x86_64 | 1.0.1 | 58.00 | NOTE | |||
r-release-windows-x86_64 | 1.0.1 | 24.00 | 87.00 | 111.00 | NOTE | |
r-oldrel-macos-arm64 | 1.0.1 | 46.00 | NOTE | |||
r-oldrel-macos-x86_64 | 1.0.1 | 75.00 | NOTE | |||
r-oldrel-windows-x86_64 | 1.0.1 | 27.00 | 110.00 | 137.00 | NOTE |
Version: 1.0.1
Check: package subdirectories
Result: NOTE
Problems with news in ‘NEWS.md’:
No news entries found.
Flavors: r-devel-linux-x86_64-debian-clang, r-devel-linux-x86_64-debian-gcc, r-devel-linux-x86_64-fedora-clang, r-devel-linux-x86_64-fedora-gcc, r-devel-windows-x86_64, r-patched-linux-x86_64, r-release-linux-x86_64, r-release-macos-arm64, r-release-macos-x86_64, r-release-windows-x86_64, r-oldrel-macos-arm64, r-oldrel-macos-x86_64, r-oldrel-windows-x86_64