Last updated on 2025-01-19 05:49:24 CET.
Flavor | Version | Tinstall | Tcheck | Ttotal | Status | Flags |
---|---|---|---|---|---|---|
r-devel-linux-x86_64-debian-clang | 0.0.6 | 4.10 | 49.53 | 53.63 | OK | |
r-devel-linux-x86_64-debian-gcc | 0.0.6 | 2.54 | 33.77 | 36.31 | OK | |
r-devel-linux-x86_64-fedora-clang | 0.0.6 | 88.79 | NOTE | |||
r-devel-linux-x86_64-fedora-gcc | 0.0.6 | 84.23 | NOTE | |||
r-devel-windows-x86_64 | 0.0.6 | 6.00 | 64.00 | 70.00 | OK | |
r-patched-linux-x86_64 | 0.0.6 | 3.22 | 44.33 | 47.55 | OK | |
r-release-linux-x86_64 | 0.0.6 | 3.18 | 45.25 | 48.43 | OK | |
r-release-macos-arm64 | 0.0.6 | 30.00 | OK | |||
r-release-macos-x86_64 | 0.0.6 | 48.00 | OK | |||
r-release-windows-x86_64 | 0.0.6 | 6.00 | 64.00 | 70.00 | OK | |
r-oldrel-macos-arm64 | 0.0.6 | 31.00 | OK | |||
r-oldrel-macos-x86_64 | 0.0.6 | 57.00 | OK | |||
r-oldrel-windows-x86_64 | 0.0.6 | 7.00 | 76.00 | 83.00 | OK |
Version: 0.0.6
Check: dependencies in R code
Result: NOTE
Namespaces in Imports field not imported from:
‘methods’ ‘survival’
All declared Imports should be used.
Flavors: r-devel-linux-x86_64-fedora-clang, r-devel-linux-x86_64-fedora-gcc