CRAN Package Check Results for Package vcfppR

Last updated on 2025-01-19 05:49:24 CET.

Flavor Version Tinstall Tcheck Ttotal Status Flags
r-devel-linux-x86_64-debian-clang 0.7.1 93.67 57.26 150.93 OK
r-devel-linux-x86_64-debian-gcc 0.7.1 80.96 40.76 121.72 OK
r-devel-linux-x86_64-fedora-clang 0.7.1 264.56 OK
r-devel-linux-x86_64-fedora-gcc 0.7.1 342.05 OK
r-devel-windows-x86_64 0.7.1 196.00 106.00 302.00 OK
r-patched-linux-x86_64 0.7.1 112.31 53.24 165.55 NOTE
r-release-linux-x86_64 0.7.1 111.83 53.80 165.63 NOTE
r-release-macos-arm64 0.7.1 76.00 NOTE
r-release-macos-x86_64 0.7.1 155.00 NOTE
r-release-windows-x86_64 0.7.1 180.00 104.00 284.00 NOTE
r-oldrel-macos-arm64 0.7.1 72.00 NOTE
r-oldrel-macos-x86_64 0.7.1 156.00 NOTE
r-oldrel-windows-x86_64 0.7.1 186.00 120.00 306.00 NOTE

Check Details

Version: 0.7.1
Check: for GNU extensions in Makefiles
Result: NOTE GNU make is a SystemRequirements. Flavors: r-patched-linux-x86_64, r-release-linux-x86_64, r-release-macos-arm64, r-release-macos-x86_64, r-release-windows-x86_64, r-oldrel-macos-arm64, r-oldrel-macos-x86_64, r-oldrel-windows-x86_64

Version: 0.7.1
Check: installed package size
Result: NOTE installed size is 8.5Mb sub-directories of 1Mb or more: libs 7.8Mb Flavors: r-release-macos-arm64, r-release-macos-x86_64, r-oldrel-macos-arm64, r-oldrel-macos-x86_64