CRAN Package Check Results for Package vietnamcode

Last updated on 2018-06-24 12:47:00 CEST.

Flavor Version Tinstall Tcheck Ttotal Status Flags
r-devel-linux-x86_64-debian-clang 0.1.1 0.66 18.08 18.74 OK
r-devel-linux-x86_64-debian-gcc 0.1.1 0.65 14.16 14.81 OK
r-devel-linux-x86_64-fedora-clang 0.1.1 22.19 NOTE
r-devel-linux-x86_64-fedora-gcc 0.1.1 20.51 NOTE
r-devel-windows-ix86+x86_64 0.1.1 4.00 31.00 35.00 OK
r-patched-linux-x86_64 0.1.1 0.79 16.68 17.47 OK
r-patched-solaris-x86 0.1.1 32.40 NOTE
r-release-linux-x86_64 0.1.1 0.78 16.64 17.42 OK
r-release-windows-ix86+x86_64 0.1.1 3.00 47.00 50.00 OK
r-release-osx-x86_64 0.1.1 NOTE
r-oldrel-windows-ix86+x86_64 0.1.1 3.00 37.00 40.00 OK
r-oldrel-osx-x86_64 0.1.1 NOTE

Check Details

Version: 0.1.1
Check: data for non-ASCII characters
Result: NOTE
     Note: found 60 marked UTF-8 strings
Flavors: r-devel-linux-x86_64-fedora-clang, r-devel-linux-x86_64-fedora-gcc, r-patched-solaris-x86, r-release-osx-x86_64, r-oldrel-osx-x86_64