CRAN Package Check Results for Package vietnamcode

Last updated on 2018-12-11 12:48:34 CET.

Flavor Version Tinstall Tcheck Ttotal Status Flags
r-devel-linux-x86_64-debian-clang 0.1.1 0.83 17.90 18.73 OK
r-devel-linux-x86_64-debian-gcc 0.1.1 0.70 14.60 15.30 OK
r-devel-linux-x86_64-fedora-clang 0.1.1 21.95 NOTE
r-devel-linux-x86_64-fedora-gcc 0.1.1 21.56 NOTE
r-devel-windows-ix86+x86_64 0.1.1 3.00 28.00 31.00 OK
r-patched-linux-x86_64 0.1.1 0.77 16.78 17.55 OK
r-patched-solaris-x86 0.1.1 35.90 NOTE
r-release-linux-x86_64 0.1.1 0.58 16.77 17.35 OK
r-release-windows-ix86+x86_64 0.1.1 3.00 29.00 32.00 OK
r-release-osx-x86_64 0.1.1 NOTE
r-oldrel-windows-ix86+x86_64 0.1.1 2.00 36.00 38.00 OK
r-oldrel-osx-x86_64 0.1.1 NOTE

Check Details

Version: 0.1.1
Check: data for non-ASCII characters
Result: NOTE
     Note: found 60 marked UTF-8 strings
Flavors: r-devel-linux-x86_64-fedora-clang, r-devel-linux-x86_64-fedora-gcc, r-patched-solaris-x86, r-release-osx-x86_64, r-oldrel-osx-x86_64