CRAN Package Check Results for Package vietnamcode

Last updated on 2018-01-16 12:47:27 CET.

Flavor Version Tinstall Tcheck Ttotal Status Flags
r-devel-linux-x86_64-debian-clang 0.1.1 0.54 17.69 18.23 OK
r-devel-linux-x86_64-debian-gcc 0.1.1 0.49 13.98 14.47 OK
r-devel-linux-x86_64-fedora-clang 0.1.1 21.03 NOTE
r-devel-linux-x86_64-fedora-gcc 0.1.1 20.09 NOTE
r-devel-windows-ix86+x86_64 0.1.1 4.00 25.00 29.00 OK
r-patched-linux-x86_64 0.1.1 0.75 16.07 16.82 OK
r-patched-solaris-x86 0.1.1 31.70 NOTE
r-release-linux-x86_64 0.1.1 0.65 16.10 16.75 OK
r-release-windows-ix86+x86_64 0.1.1 4.00 37.00 41.00 OK
r-release-osx-x86_64 0.1.1 NOTE
r-oldrel-windows-ix86+x86_64 0.1.1 4.00 35.00 39.00 OK
r-oldrel-osx-x86_64 0.1.1 NOTE

Check Details

Version: 0.1.1
Check: data for non-ASCII characters
Result: NOTE
     Note: found 60 marked UTF-8 strings
Flavors: r-devel-linux-x86_64-fedora-clang, r-devel-linux-x86_64-fedora-gcc, r-patched-solaris-x86, r-release-osx-x86_64, r-oldrel-osx-x86_64