CRAN Package Check Results for Package vietnamcode

Last updated on 2018-09-22 12:51:06 CEST.

Flavor Version Tinstall Tcheck Ttotal Status Flags
r-devel-linux-x86_64-debian-clang 0.1.1 0.86 18.04 18.90 OK
r-devel-linux-x86_64-debian-gcc 0.1.1 0.63 14.68 15.31 OK
r-devel-linux-x86_64-fedora-clang 0.1.1 22.43 NOTE
r-devel-linux-x86_64-fedora-gcc 0.1.1 21.15 NOTE
r-devel-windows-ix86+x86_64 0.1.1 3.00 31.00 34.00 OK
r-patched-linux-x86_64 0.1.1 0.58 16.60 17.18 OK
r-patched-solaris-x86 0.1.1 33.40 NOTE
r-release-linux-x86_64 0.1.1 0.77 16.53 17.30 OK
r-release-windows-ix86+x86_64 0.1.1 2.00 41.00 43.00 OK
r-release-osx-x86_64 0.1.1 NOTE
r-oldrel-windows-ix86+x86_64 0.1.1 2.00 35.00 37.00 OK
r-oldrel-osx-x86_64 0.1.1 NOTE

Check Details

Version: 0.1.1
Check: data for non-ASCII characters
Result: NOTE
     Note: found 60 marked UTF-8 strings
Flavors: r-devel-linux-x86_64-fedora-clang, r-devel-linux-x86_64-fedora-gcc, r-patched-solaris-x86, r-release-osx-x86_64, r-oldrel-osx-x86_64