Last updated on 2025-01-19 05:49:24 CET.
Flavor | Version | Tinstall | Tcheck | Ttotal | Status | Flags |
---|---|---|---|---|---|---|
r-devel-linux-x86_64-debian-clang | 0.4.1 | 3.21 | 53.52 | 56.73 | OK | |
r-devel-linux-x86_64-debian-gcc | 0.4.1 | 2.47 | 37.64 | 40.11 | OK | |
r-devel-linux-x86_64-fedora-clang | 0.4.1 | 92.78 | OK | |||
r-devel-linux-x86_64-fedora-gcc | 0.4.1 | 245.20 | OK | |||
r-devel-windows-x86_64 | 0.4.1 | 6.00 | 72.00 | 78.00 | OK | |
r-patched-linux-x86_64 | 0.4.1 | 2.90 | 51.39 | 54.29 | NOTE | |
r-release-linux-x86_64 | 0.4.1 | 2.94 | 51.01 | 53.95 | NOTE | |
r-release-macos-arm64 | 0.4.1 | 53.00 | OK | |||
r-release-macos-x86_64 | 0.4.1 | 103.00 | OK | |||
r-release-windows-x86_64 | 0.4.1 | 6.00 | 74.00 | 80.00 | OK | |
r-oldrel-macos-arm64 | 0.4.1 | 78.00 | OK | |||
r-oldrel-macos-x86_64 | 0.4.1 | 147.00 | OK | |||
r-oldrel-windows-x86_64 | 0.4.1 | 6.00 | 82.00 | 88.00 | OK |
Version: 0.4.1
Check: package dependencies
Result: NOTE
Package which this enhances but not available for checking: ‘h2o’
Flavors: r-patched-linux-x86_64, r-release-linux-x86_64