Last updated on 2025-01-19 05:49:24 CET.
Flavor | Version | Tinstall | Tcheck | Ttotal | Status | Flags |
---|---|---|---|---|---|---|
r-devel-linux-x86_64-debian-clang | 0.1.0 | 10.96 | 103.36 | 114.32 | NOTE | |
r-devel-linux-x86_64-debian-gcc | 0.1.0 | 7.54 | 72.18 | 79.72 | NOTE | |
r-devel-linux-x86_64-fedora-clang | 0.1.0 | 187.28 | NOTE | |||
r-devel-linux-x86_64-fedora-gcc | 0.1.0 | 186.74 | NOTE | |||
r-devel-windows-x86_64 | 0.1.0 | 13.00 | 110.00 | 123.00 | NOTE | |
r-patched-linux-x86_64 | 0.1.0 | 10.71 | 94.90 | 105.61 | NOTE | |
r-release-linux-x86_64 | 0.1.0 | 10.36 | 95.81 | 106.17 | NOTE | |
r-release-macos-arm64 | 0.1.0 | 55.00 | NOTE | |||
r-release-macos-x86_64 | 0.1.0 | 85.00 | NOTE | |||
r-release-windows-x86_64 | 0.1.0 | 11.00 | 107.00 | 118.00 | NOTE | |
r-oldrel-macos-arm64 | 0.1.0 | 55.00 | OK | |||
r-oldrel-macos-x86_64 | 0.1.0 | 95.00 | OK | |||
r-oldrel-windows-x86_64 | 0.1.0 | 16.00 | 134.00 | 150.00 | OK |
Version: 0.1.0
Check: Rd files
Result: NOTE
checkRd: (-1) NSpec.DB.Rd:16: Lost braces; missing escapes or markup?
16 | ...{currently not used}
| ^
checkRd: (-1) wavelength-methods.Rd:32: Lost braces; missing escapes or markup?
32 | A call to {new} returns a newly allocated object from the class identified by the first argument.
| ^
Flavors: r-devel-linux-x86_64-debian-clang, r-devel-linux-x86_64-debian-gcc, r-devel-linux-x86_64-fedora-clang, r-devel-linux-x86_64-fedora-gcc, r-devel-windows-x86_64, r-patched-linux-x86_64, r-release-linux-x86_64, r-release-macos-arm64, r-release-macos-x86_64, r-release-windows-x86_64