CRAN Package Check Results for Package vita

Last updated on 2025-01-19 05:49:24 CET.

Flavor Version Tinstall Tcheck Ttotal Status Flags
r-devel-linux-x86_64-debian-clang 1.0.0 17.85 36.87 54.72 OK
r-devel-linux-x86_64-debian-gcc 1.0.0 14.50 28.41 42.91 OK
r-devel-linux-x86_64-fedora-clang 1.0.0 95.65 NOTE
r-devel-linux-x86_64-fedora-gcc 1.0.0 99.94 NOTE
r-devel-windows-x86_64 1.0.0 23.00 76.00 99.00 OK
r-patched-linux-x86_64 1.0.0 21.45 35.17 56.62 NOTE
r-release-linux-x86_64 1.0.0 20.69 35.61 56.30 NOTE
r-release-macos-arm64 1.0.0 30.00 NOTE
r-release-macos-x86_64 1.0.0 50.00 NOTE
r-release-windows-x86_64 1.0.0 21.00 73.00 94.00 NOTE
r-oldrel-macos-arm64 1.0.0 34.00 NOTE
r-oldrel-macos-x86_64 1.0.0 52.00 NOTE
r-oldrel-windows-x86_64 1.0.0 24.00 85.00 109.00 NOTE

Check Details

Version: 1.0.0
Check: compiled code
Result: NOTE File ‘vita/libs/vita.so’: Found no calls to: ‘R_registerRoutines’, ‘R_useDynamicSymbols’ It is good practice to register native routines and to disable symbol search. See ‘Writing portable packages’ in the ‘Writing R Extensions’ manual. Flavors: r-devel-linux-x86_64-fedora-clang, r-devel-linux-x86_64-fedora-gcc

Version: 1.0.0
Check: LazyData
Result: NOTE 'LazyData' is specified without a 'data' directory Flavors: r-patched-linux-x86_64, r-release-linux-x86_64, r-release-macos-arm64, r-release-macos-x86_64, r-release-windows-x86_64, r-oldrel-macos-arm64, r-oldrel-macos-x86_64, r-oldrel-windows-x86_64