Last updated on 2024-05-01 16:53:16 CEST.
Flavor | Version | Tinstall | Tcheck | Ttotal | Status | Flags |
---|---|---|---|---|---|---|
r-devel-linux-x86_64-debian-clang | 1.0.1 | 3.12 | 123.00 | 126.12 | OK | |
r-devel-linux-x86_64-debian-gcc | 1.0.1 | 3.01 | 90.04 | 93.05 | OK | |
r-devel-linux-x86_64-fedora-clang | 1.0.1 | 156.30 | NOTE | |||
r-devel-linux-x86_64-fedora-gcc | 1.0.1 | 164.26 | OK | |||
r-devel-windows-x86_64 | 1.0.1 | 6.00 | 99.00 | 105.00 | NOTE | |
r-patched-linux-x86_64 | 1.0.1 | 2.98 | 113.19 | 116.17 | OK | |
r-release-linux-x86_64 | 1.0.1 | 2.57 | 116.35 | 118.92 | OK | |
r-release-macos-arm64 | 1.0.1 | 44.00 | NOTE | |||
r-release-windows-x86_64 | 1.0.1 | 6.00 | 102.00 | 108.00 | NOTE | |
r-oldrel-macos-arm64 | 1.0.1 | 53.00 | NOTE | |||
r-oldrel-macos-x86_64 | 1.0.1 | 76.00 | NOTE | |||
r-oldrel-windows-x86_64 | 1.0.1 | 8.00 | 117.00 | 125.00 | NOTE |
Version: 1.0.1
Check: installed package size
Result: NOTE
installed size is 6.8Mb
sub-directories of 1Mb or more:
doc 5.4Mb
extdata 1.1Mb
Flavors: r-devel-linux-x86_64-fedora-clang, r-devel-windows-x86_64, r-release-macos-arm64, r-release-windows-x86_64, r-oldrel-macos-arm64, r-oldrel-macos-x86_64, r-oldrel-windows-x86_64