CRAN Package Check Results for Package vocaldia

Last updated on 2025-01-19 05:49:24 CET.

Flavor Version Tinstall Tcheck Ttotal Status Flags
r-devel-linux-x86_64-debian-clang 0.8.4 2.38 27.61 29.99 NOTE
r-devel-linux-x86_64-debian-gcc 0.8.4 1.81 20.76 22.57 NOTE
r-devel-linux-x86_64-fedora-clang 0.8.4 48.56 NOTE
r-devel-linux-x86_64-fedora-gcc 0.8.4 48.35 NOTE
r-devel-windows-x86_64 0.8.4 4.00 53.00 57.00 NOTE
r-patched-linux-x86_64 0.8.4 2.63 26.72 29.35 NOTE
r-release-linux-x86_64 0.8.4 2.48 26.14 28.62 NOTE
r-release-macos-arm64 0.8.4 19.00 NOTE
r-release-macos-x86_64 0.8.4 32.00 NOTE
r-release-windows-x86_64 0.8.4 5.00 51.00 56.00 NOTE
r-oldrel-macos-arm64 0.8.4 20.00 OK
r-oldrel-macos-x86_64 0.8.4 28.00 OK
r-oldrel-windows-x86_64 0.8.4 4.00 58.00 62.00 OK

Check Details

Version: 0.8.4
Check: Rd files
Result: NOTE checkRd: (-1) getTurnType.Rd:38: Lost braces; missing escapes or markup? 38 | Return one of {Vocalisation, GrpVocalisation, ...} or identifier. | ^ Flavors: r-devel-linux-x86_64-debian-clang, r-devel-linux-x86_64-debian-gcc, r-devel-linux-x86_64-fedora-clang, r-devel-linux-x86_64-fedora-gcc, r-devel-windows-x86_64, r-patched-linux-x86_64, r-release-linux-x86_64, r-release-macos-arm64, r-release-macos-x86_64, r-release-windows-x86_64