CRAN Package Check Results for Package votesys

Last updated on 2025-01-19 05:49:24 CET.

Flavor Version Tinstall Tcheck Ttotal Status Flags
r-devel-linux-x86_64-debian-clang 0.1.1 8.64 61.87 70.51 OK
r-devel-linux-x86_64-debian-gcc 0.1.1 4.80 43.48 48.28 OK
r-devel-linux-x86_64-fedora-clang 0.1.1 113.18 OK
r-devel-linux-x86_64-fedora-gcc 0.1.1 105.34 OK
r-devel-windows-x86_64 0.1.1 8.00 74.00 82.00 OK
r-patched-linux-x86_64 0.1.1 8.05 57.35 65.40 NOTE
r-release-linux-x86_64 0.1.1 7.89 56.79 64.68 NOTE
r-release-macos-arm64 0.1.1 30.00 NOTE
r-release-macos-x86_64 0.1.1 57.00 NOTE
r-release-windows-x86_64 0.1.1 11.00 78.00 89.00 NOTE
r-oldrel-macos-arm64 0.1.1 36.00 NOTE
r-oldrel-macos-x86_64 0.1.1 55.00 NOTE
r-oldrel-windows-x86_64 0.1.1 8.00 88.00 96.00 NOTE

Check Details

Version: 0.1.1
Check: LazyData
Result: NOTE 'LazyData' is specified without a 'data' directory Flavors: r-patched-linux-x86_64, r-release-linux-x86_64, r-release-macos-arm64, r-release-macos-x86_64, r-release-windows-x86_64, r-oldrel-macos-arm64, r-oldrel-macos-x86_64, r-oldrel-windows-x86_64