Last updated on 2025-01-19 05:49:24 CET.
Flavor | Version | Tinstall | Tcheck | Ttotal | Status | Flags |
---|---|---|---|---|---|---|
r-devel-linux-x86_64-debian-clang | 1.6.5 | 109.44 | 106.44 | 215.88 | NOTE | |
r-devel-linux-x86_64-debian-gcc | 1.6.5 | 87.80 | 84.03 | 171.83 | NOTE | |
r-devel-linux-x86_64-fedora-clang | 1.6.5 | 315.73 | NOTE | |||
r-devel-linux-x86_64-fedora-gcc | 1.6.5 | 366.39 | NOTE | |||
r-devel-windows-x86_64 | 1.6.5 | 145.00 | 155.00 | 300.00 | NOTE | |
r-patched-linux-x86_64 | 1.6.5 | 113.84 | 99.02 | 212.86 | OK | |
r-release-linux-x86_64 | 1.6.5 | 121.68 | 99.03 | 220.71 | OK | |
r-release-macos-arm64 | 1.6.5 | 95.00 | NOTE | |||
r-release-macos-x86_64 | 1.6.5 | 107.00 | NOTE | |||
r-release-windows-x86_64 | 1.6.5 | 142.00 | 154.00 | 296.00 | OK | |
r-oldrel-macos-arm64 | 1.6.5 | 94.00 | NOTE | |||
r-oldrel-macos-x86_64 | 1.6.5 | 135.00 | NOTE | |||
r-oldrel-windows-x86_64 | 1.6.5 | 158.00 | 170.00 | 328.00 | OK |
Version: 1.6.5
Check: compiled code
Result: NOTE
File ‘vroom/libs/vroom.so’:
Found non-API calls to R: ‘SETLENGTH’, ‘SET_TRUELENGTH’,
‘STDVEC_DATAPTR’
Compiled code should not call non-API entry points in R.
See ‘Writing portable packages’ in the ‘Writing R Extensions’ manual,
and section ‘Moving into C API compliance’ for issues with the use of
non-API entry points.
Flavors: r-devel-linux-x86_64-debian-clang, r-devel-linux-x86_64-debian-gcc, r-devel-linux-x86_64-fedora-clang, r-devel-linux-x86_64-fedora-gcc
Version: 1.6.5
Check: compiled code
Result: NOTE
File 'vroom/libs/x64/vroom.dll':
Found non-API calls to R: 'SETLENGTH', 'SET_TRUELENGTH',
'STDVEC_DATAPTR'
Compiled code should not call non-API entry points in R.
See 'Writing portable packages' in the 'Writing R Extensions' manual,
and section 'Moving into C API compliance' for issues with the use of
non-API entry points.
Flavor: r-devel-windows-x86_64
Version: 1.6.5
Check: installed package size
Result: NOTE
installed size is 9.9Mb
sub-directories of 1Mb or more:
libs 8.4Mb
Flavors: r-release-macos-arm64, r-release-macos-x86_64, r-oldrel-macos-arm64, r-oldrel-macos-x86_64