CRAN Package Check Results for Package walker

Last updated on 2020-05-30 12:48:27 CEST.

Flavor Version Tinstall Tcheck Ttotal Status Flags
r-devel-linux-x86_64-debian-clang 0.4.0 451.02 547.32 998.34 OK
r-devel-linux-x86_64-debian-gcc 0.4.0 465.05 371.69 836.74 OK
r-devel-linux-x86_64-fedora-clang 0.4.0 1446.95 NOTE
r-devel-linux-x86_64-fedora-gcc 0.4.0 1001.47 OK
r-devel-windows-ix86+x86_64 0.4.0 1052.00 875.00 1927.00 NOTE
r-patched-linux-x86_64 0.4.0 429.57 489.18 918.75 OK
r-patched-solaris-x86 0.4.0 1796.00 NOTE
r-release-linux-x86_64 0.4.0 446.53 491.14 937.67 OK
r-release-osx-x86_64 0.4.0 NOTE
r-release-windows-ix86+x86_64 0.4.0 786.00 654.00 1440.00 NOTE
r-oldrel-osx-x86_64 0.4.0 NOTE
r-oldrel-windows-ix86+x86_64 0.4.0 856.00 699.00 1555.00 NOTE

Check Details

Version: 0.4.0
Check: installed package size
Result: NOTE
     installed size is 92.1Mb
     sub-directories of 1Mb or more:
     libs 90.8Mb
Flavors: r-devel-linux-x86_64-fedora-clang, r-devel-windows-ix86+x86_64, r-patched-solaris-x86, r-release-osx-x86_64, r-release-windows-ix86+x86_64, r-oldrel-osx-x86_64, r-oldrel-windows-ix86+x86_64