CRAN Package Check Results for Package walmartAPI

Last updated on 2025-01-19 05:49:24 CET.

Flavor Version Tinstall Tcheck Ttotal Status Flags
r-devel-linux-x86_64-debian-clang 0.1.5 1.77 18.06 19.83 OK
r-devel-linux-x86_64-debian-gcc 0.1.5 1.49 15.07 16.56 OK
r-devel-linux-x86_64-fedora-clang 0.1.5 33.61 OK
r-devel-linux-x86_64-fedora-gcc 0.1.5 32.36 OK
r-devel-windows-x86_64 0.1.5 4.00 42.00 46.00 OK
r-patched-linux-x86_64 0.1.5 2.14 17.56 19.70 NOTE
r-release-linux-x86_64 0.1.5 1.90 17.34 19.24 NOTE
r-release-macos-arm64 0.1.5 14.00 NOTE
r-release-macos-x86_64 0.1.5 21.00 NOTE
r-release-windows-x86_64 0.1.5 6.00 43.00 49.00 NOTE
r-oldrel-macos-arm64 0.1.5 15.00 NOTE
r-oldrel-macos-x86_64 0.1.5 19.00 NOTE
r-oldrel-windows-x86_64 0.1.5 3.00 43.00 46.00 NOTE

Check Details

Version: 0.1.5
Check: LazyData
Result: NOTE 'LazyData' is specified without a 'data' directory Flavors: r-patched-linux-x86_64, r-release-linux-x86_64, r-release-macos-arm64, r-release-macos-x86_64, r-release-windows-x86_64, r-oldrel-macos-arm64, r-oldrel-macos-x86_64, r-oldrel-windows-x86_64