Last updated on 2025-02-08 20:48:38 CET.
Flavor | Version | Tinstall | Tcheck | Ttotal | Status | Flags |
---|---|---|---|---|---|---|
r-devel-linux-x86_64-debian-clang | 1.1.34 | 30.32 | 174.98 | 205.30 | OK | |
r-devel-linux-x86_64-debian-gcc | 1.1.34 | 20.42 | 118.69 | 139.11 | OK | |
r-devel-linux-x86_64-fedora-clang | 1.1.34 | 350.61 | OK | |||
r-devel-linux-x86_64-fedora-gcc | 1.1.34 | 339.88 | OK | |||
r-devel-windows-x86_64 | 1.1.34 | 32.00 | 225.00 | 257.00 | OK | |
r-patched-linux-x86_64 | 1.1.34 | 32.70 | 164.80 | 197.50 | OK | |
r-release-linux-x86_64 | 1.1.34 | 30.94 | 165.76 | 196.70 | OK | |
r-release-macos-arm64 | 1.1.34 | 112.00 | NOTE | |||
r-release-macos-x86_64 | 1.1.34 | 236.00 | NOTE | |||
r-release-windows-x86_64 | 1.1.34 | 33.00 | 220.00 | 253.00 | NOTE | |
r-oldrel-macos-arm64 | 1.1.33 | 115.00 | OK | |||
r-oldrel-macos-x86_64 | 1.1.33 | 220.00 | NOTE | |||
r-oldrel-windows-x86_64 | 1.1.34 | 44.00 | 287.00 | 331.00 | NOTE |
Version: 1.1.34
Check: installed package size
Result: NOTE
installed size is 8.7Mb
sub-directories of 1Mb or more:
doc 6.6Mb
Flavors: r-release-macos-arm64, r-release-macos-x86_64, r-release-windows-x86_64, r-oldrel-windows-x86_64
Version: 1.1.33
Check: installed package size
Result: NOTE
installed size is 5.0Mb
sub-directories of 1Mb or more:
doc 2.9Mb
Flavor: r-oldrel-macos-x86_64