CRAN Package Check Results for Package warpMix

Last updated on 2025-01-19 05:49:25 CET.

Flavor Version Tinstall Tcheck Ttotal Status Flags
r-devel-linux-x86_64-debian-clang 0.1.0 11.71 94.11 105.82 OK
r-devel-linux-x86_64-debian-gcc 0.1.0 8.57 65.23 73.80 OK
r-devel-linux-x86_64-fedora-clang 0.1.0 173.92 NOTE
r-devel-linux-x86_64-fedora-gcc 0.1.0 158.13 NOTE
r-devel-windows-x86_64 0.1.0 12.00 95.00 107.00 OK
r-patched-linux-x86_64 0.1.0 10.90 86.14 97.04 NOTE
r-release-linux-x86_64 0.1.0 11.80 87.29 99.09 NOTE
r-release-macos-arm64 0.1.0 47.00 NOTE
r-release-macos-x86_64 0.1.0 68.00 NOTE
r-release-windows-x86_64 0.1.0 13.00 92.00 105.00 NOTE
r-oldrel-macos-arm64 0.1.0 55.00 NOTE
r-oldrel-macos-x86_64 0.1.0 88.00 NOTE
r-oldrel-windows-x86_64 0.1.0 15.00 115.00 130.00 NOTE

Check Details

Version: 0.1.0
Check: dependencies in R code
Result: NOTE Namespace in Imports field not imported from: ‘nlme’ All declared Imports should be used. Flavors: r-devel-linux-x86_64-fedora-clang, r-devel-linux-x86_64-fedora-gcc

Version: 0.1.0
Check: LazyData
Result: NOTE 'LazyData' is specified without a 'data' directory Flavors: r-patched-linux-x86_64, r-release-linux-x86_64, r-release-macos-arm64, r-release-macos-x86_64, r-release-windows-x86_64, r-oldrel-macos-arm64, r-oldrel-macos-x86_64, r-oldrel-windows-x86_64