CRAN Package Check Results for Package waterfall

Last updated on 2025-01-19 05:49:25 CET.

Flavor Version Tinstall Tcheck Ttotal Status Flags
r-devel-linux-x86_64-debian-clang 1.0.2 1.96 19.71 21.67 NOTE
r-devel-linux-x86_64-debian-gcc 1.0.2 1.70 16.01 17.71 NOTE
r-devel-linux-x86_64-fedora-clang 1.0.2 36.38 OK
r-devel-linux-x86_64-fedora-gcc 1.0.2 34.69 OK
r-devel-windows-x86_64 1.0.2 3.00 42.00 45.00 NOTE
r-patched-linux-x86_64 1.0.2 1.86 18.84 20.70 OK
r-release-linux-x86_64 1.0.2 1.94 18.73 20.67 OK
r-release-macos-arm64 1.0.2 16.00 OK
r-release-macos-x86_64 1.0.2 31.00 OK
r-release-windows-x86_64 1.0.2 3.00 43.00 46.00 OK
r-oldrel-macos-arm64 1.0.2 17.00 OK
r-oldrel-macos-x86_64 1.0.2 21.00 OK
r-oldrel-windows-x86_64 1.0.2 3.00 40.00 43.00 OK

Check Details

Version: 1.0.2
Check: Rd cross-references
Result: NOTE Found the following Rd file(s) with Rd \link{} targets missing package anchors: waterfallchart.Rd: barchart, bwplot Please provide package anchors for all Rd \link{} targets not in the package itself and the base packages. Flavors: r-devel-linux-x86_64-debian-clang, r-devel-linux-x86_64-debian-gcc, r-devel-windows-x86_64