CRAN Package Check Results for Package wav

Last updated on 2025-01-19 05:49:25 CET.

Flavor Version Tinstall Tcheck Ttotal Status Flags
r-devel-linux-x86_64-debian-clang 0.1.0 12.78 23.90 36.68 NOTE
r-devel-linux-x86_64-debian-gcc 0.1.0 9.21 19.39 28.60 NOTE
r-devel-linux-x86_64-fedora-clang 0.1.0 64.56 NOTE
r-devel-linux-x86_64-fedora-gcc 0.1.0 65.16 NOTE
r-devel-windows-x86_64 0.1.0 16.00 65.00 81.00 NOTE
r-patched-linux-x86_64 0.1.0 11.99 22.74 34.73 NOTE
r-release-linux-x86_64 0.1.0 12.58 22.74 35.32 NOTE
r-release-macos-arm64 0.1.0 22.00 NOTE
r-release-macos-x86_64 0.1.0 51.00 NOTE
r-release-windows-x86_64 0.1.0 17.00 62.00 79.00 NOTE
r-oldrel-macos-arm64 0.1.0 27.00 NOTE
r-oldrel-macos-x86_64 0.1.0 39.00 NOTE
r-oldrel-windows-x86_64 0.1.0 19.00 68.00 87.00 NOTE

Check Details

Version: 0.1.0
Check: C++ specification
Result: NOTE Specified C++11: please drop specification unless essential Flavors: r-devel-linux-x86_64-debian-clang, r-devel-linux-x86_64-debian-gcc, r-devel-linux-x86_64-fedora-clang, r-devel-linux-x86_64-fedora-gcc, r-devel-windows-x86_64, r-patched-linux-x86_64, r-release-linux-x86_64, r-release-macos-arm64, r-release-macos-x86_64, r-release-windows-x86_64, r-oldrel-macos-arm64, r-oldrel-macos-x86_64, r-oldrel-windows-x86_64