CRAN Package Check Results for Package wbsd

Last updated on 2025-01-19 05:49:25 CET.

Flavor Version Tinstall Tcheck Ttotal Status Flags
r-devel-linux-x86_64-debian-clang 1.0.0 28.17 26.66 54.83 OK
r-devel-linux-x86_64-debian-gcc 1.0.0 20.17 22.67 42.84 OK
r-devel-linux-x86_64-fedora-clang 1.0.0 100.74 OK
r-devel-linux-x86_64-fedora-gcc 1.0.0 102.79 OK
r-devel-windows-x86_64 1.0.0 30.00 75.00 105.00 OK
r-patched-linux-x86_64 1.0.0 27.15 26.23 53.38 OK
r-release-linux-x86_64 1.0.0 27.16 26.05 53.21 OK
r-release-macos-arm64 1.0.0 33.00 NOTE
r-release-macos-x86_64 1.0.0 45.00 NOTE
r-release-windows-x86_64 1.0.0 30.00 74.00 104.00 OK
r-oldrel-macos-arm64 1.0.0 36.00 NOTE
r-oldrel-macos-x86_64 1.0.0 51.00 NOTE
r-oldrel-windows-x86_64 1.0.0 35.00 81.00 116.00 OK

Check Details

Version: 1.0.0
Check: installed package size
Result: NOTE installed size is 5.3Mb sub-directories of 1Mb or more: libs 5.2Mb Flavors: r-release-macos-arm64, r-release-macos-x86_64, r-oldrel-macos-arm64, r-oldrel-macos-x86_64