CRAN Package Check Results for Package weatherOz

Last updated on 2025-01-19 05:49:25 CET.

Flavor Version Tinstall Tcheck Ttotal Status Flags
r-devel-linux-x86_64-debian-clang 1.0.0 26.93 301.19 328.12 OK
r-devel-linux-x86_64-debian-gcc 1.0.0 15.40 188.35 203.75 OK
r-devel-linux-x86_64-fedora-clang 1.0.0 527.35 OK
r-devel-linux-x86_64-fedora-gcc 1.0.0 506.19 OK
r-devel-windows-x86_64 1.0.0 26.00 289.00 315.00 OK
r-patched-linux-x86_64 1.0.0 24.36 274.41 298.77 OK
r-release-linux-x86_64 1.0.0 23.94 274.20 298.14 OK
r-release-macos-arm64 1.0.0 133.00 ERROR
r-release-macos-x86_64 1.0.0 375.00 OK
r-release-windows-x86_64 1.0.0 25.00 286.00 311.00 OK
r-oldrel-macos-arm64 1.0.0 134.00 ERROR
r-oldrel-macos-x86_64 1.0.0 250.00 OK
r-oldrel-windows-x86_64 1.0.0 29.00 357.00 386.00 ERROR

Check Details

Version: 1.0.0
Check: re-building of vignette outputs
Result: ERROR Error(s) in re-building vignettes: --- re-building ‘use_case.Rmd’ using rmarkdown --- finished re-building ‘use_case.Rmd’ --- re-building ‘weatherOz.Rmd’ using rmarkdown_notangle --- finished re-building ‘weatherOz.Rmd’ --- re-building ‘weatherOz_for_BOM.Rmd’ using rmarkdown_notangle --- finished re-building ‘weatherOz_for_BOM.Rmd’ --- re-building ‘weatherOz_for_DPIRD.Rmd’ using rmarkdown_notangle File vignettes/view_sw_ag_region-1.png not found in resource path Error: processing vignette 'weatherOz_for_DPIRD.Rmd' failed with diagnostics: pandoc document conversion failed with error 99 --- failed re-building ‘weatherOz_for_DPIRD.Rmd’ --- re-building ‘weatherOz_for_SILO.Rmd’ using rmarkdown_notangle --- finished re-building ‘weatherOz_for_SILO.Rmd’ SUMMARY: processing the following file failed: ‘weatherOz_for_DPIRD.Rmd’ Error: Vignette re-building failed. Execution halted Flavors: r-release-macos-arm64, r-oldrel-macos-arm64, r-oldrel-windows-x86_64